{"id":4554,"date":"2024-09-02T14:28:19","date_gmt":"2024-09-02T14:28:19","guid":{"rendered":"https:\/\/c-iautomobile.ro\/cars\/mercedes-benz-540k-68\/"},"modified":"2024-09-02T14:28:19","modified_gmt":"2024-09-02T14:28:19","slug":"mercedes-benz-540k-68","status":"publish","type":"cars","link":"https:\/\/c-iautomobile.ro\/en\/cars\/mercedes-benz-540k-68\/","title":{"rendered":"Mercedes-Benz ML 63 AMG 4Matic"},"content":{"rendered":"<p>Mercedes-Benz ML 63 AMG 2013 este un SUV de \u00eenalt\u0103 performan\u021b\u0103 care reu\u0219e\u0219te s\u0103 \u00eembine puterea brutal\u0103 a unui motor V8 bi-turbo cu confortul \u0219i luxul caracteristic m\u0103rcii Mercedes-Benz. Acest model este ideal pentru cei care doresc un SUV care s\u0103 ofere at\u00e2t performan\u021be remarcabile, c\u00e2t \u0219i un interior de lux bine echipat. Cu un design sportiv, tehnologie avansat\u0103 \u0219i siguran\u021b\u0103 de top, ML 63 AMG continu\u0103 s\u0103 fie o alegere atractiv\u0103 pentru pasiona\u021bii de performan\u021b\u0103 care nu doresc s\u0103 fac\u0103 compromisuri \u00een ceea ce prive\u0219te confortul \u0219i stilul.<\/p>\n<ul>\n<li>AMG PERFORMANCE PACKAGE<\/li>\n<li>piele perforata Nappa Exclusive cu cusatura contrastanta<\/li>\n<li>plafon alkantara<\/li>\n<li>Suspensie pneumatic\u0103 AIRMATIC AMG cu Adaptive Damping System (ADS), care permite ajustarea \u00een\u0103l\u021bimii \u0219i fermit\u0103\u021bii suspensiei pentru a optimiza confortul sau performan\u021ba<\/li>\n<li>moduri de condus (Comfort, Sport, Sport+) care modific\u0103 r\u0103spunsul motorului, transmisiei \u0219i suspensiei.<\/li>\n<li>Scaune sport AMG reglabile electric, cu func\u021bii de memorie, \u00eenc\u0103lzire \u0219i ventila\u021bie<\/li>\n<li>pachet parcare &#8211; include senzori parcare fata-spate+camera 360<\/li>\n<li>pachet oglinda<\/li>\n<li>pachet antifurt<\/li>\n<li>sistem divertisment spate -include 2 monitoare LCD cu intrare USB<\/li>\n<li>AMG-DRIVER-PACKAGE<\/li>\n<li>asistent activ unghi mort<\/li>\n<li>distronic plus<\/li>\n<li>trapa tip panorama<\/li>\n<li>senzor presiune roti<\/li>\n<li>carlig tractare<\/li>\n<li>asistent faza lunga<\/li>\n<li>instalatie spalare faruri<\/li>\n<li>nightvision<\/li>\n<li>trepte laterale din aluminiu<\/li>\n<li>sunet premium Bang &amp; Olufsen<\/li>\n<\/ul>\n","protected":false},"featured_media":473,"template":"","mark_model":[269],"yearauto":[46],"body_type":[146],"fuel_type":[139],"transmission":[71],"drive_type":[147],"condition":[141],"engine_size":[270],"door":[],"cylinder":[],"color":[232],"features":[],"filters":[],"labels":[],"class_list":["post-4554","cars","type-cars","status-publish","has-post-thumbnail","hentry","mark_model-ml-63-amg","yearauto-46","body_type-suv","fuel_type-benzina","transmission-automatic","drive_type-integrala","condition-folosit","engine_size-270","color-maro"],"acf":[],"yoast_head":"<!-- This site is optimized with the Yoast SEO plugin v26.5 - https:\/\/yoast.com\/wordpress\/plugins\/seo\/ -->\n<title>Mercedes-Benz ML 63 AMG 4Matic - automobile<\/title>\n<meta name=\"robots\" content=\"index, follow, max-snippet:-1, max-image-preview:large, max-video-preview:-1\" \/>\n<link rel=\"canonical\" href=\"https:\/\/c-iautomobile.ro\/en\/cars\/mercedes-benz-540k-68\/\" \/>\n<meta property=\"og:locale\" content=\"en_US\" \/>\n<meta property=\"og:type\" content=\"article\" \/>\n<meta property=\"og:title\" content=\"Mercedes-Benz ML 63 AMG 4Matic - automobile\" \/>\n<meta property=\"og:description\" content=\"Mercedes-Benz ML 63 AMG 2013 este un SUV de \u00eenalt\u0103 performan\u021b\u0103 care reu\u0219e\u0219te s\u0103 \u00eembine puterea brutal\u0103 a unui motor V8 bi-turbo cu confortul \u0219i luxul caracteristic m\u0103rcii Mercedes-Benz. Acest model este ideal pentru cei care doresc un SUV care s\u0103 ofere at\u00e2t performan\u021be remarcabile, c\u00e2t \u0219i un interior de lux bine echipat. Cu un [&hellip;]\" \/>\n<meta property=\"og:url\" content=\"https:\/\/c-iautomobile.ro\/en\/cars\/mercedes-benz-540k-68\/\" \/>\n<meta property=\"og:site_name\" content=\"automobile\" \/>\n<meta property=\"og:image\" content=\"https:\/\/c-iautomobile.ro\/wp-content\/uploads\/2024\/11\/1-scaled-12.jpg\" \/>\n\t<meta property=\"og:image:width\" content=\"2560\" \/>\n\t<meta property=\"og:image:height\" content=\"1419\" \/>\n\t<meta property=\"og:image:type\" content=\"image\/jpeg\" \/>\n<meta name=\"twitter:card\" content=\"summary_large_image\" \/>\n<meta name=\"twitter:label1\" content=\"Est. reading time\" \/>\n\t<meta name=\"twitter:data1\" content=\"1 minute\" \/>\n<script type=\"application\/ld+json\" class=\"yoast-schema-graph\">{\"@context\":\"https:\/\/schema.org\",\"@graph\":[{\"@type\":\"WebPage\",\"@id\":\"https:\/\/c-iautomobile.ro\/en\/cars\/mercedes-benz-540k-68\/\",\"url\":\"https:\/\/c-iautomobile.ro\/en\/cars\/mercedes-benz-540k-68\/\",\"name\":\"Mercedes-Benz ML 63 AMG 4Matic - automobile\",\"isPartOf\":{\"@id\":\"https:\/\/c-iautomobile.ro\/en\/#website\"},\"primaryImageOfPage\":{\"@id\":\"https:\/\/c-iautomobile.ro\/en\/cars\/mercedes-benz-540k-68\/#primaryimage\"},\"image\":{\"@id\":\"https:\/\/c-iautomobile.ro\/en\/cars\/mercedes-benz-540k-68\/#primaryimage\"},\"thumbnailUrl\":\"https:\/\/c-iautomobile.ro\/wp-content\/uploads\/2024\/11\/1-scaled-12.jpg\",\"datePublished\":\"2024-09-02T14:28:19+00:00\",\"breadcrumb\":{\"@id\":\"https:\/\/c-iautomobile.ro\/en\/cars\/mercedes-benz-540k-68\/#breadcrumb\"},\"inLanguage\":\"en-US\",\"potentialAction\":[{\"@type\":\"ReadAction\",\"target\":[\"https:\/\/c-iautomobile.ro\/en\/cars\/mercedes-benz-540k-68\/\"]}]},{\"@type\":\"ImageObject\",\"inLanguage\":\"en-US\",\"@id\":\"https:\/\/c-iautomobile.ro\/en\/cars\/mercedes-benz-540k-68\/#primaryimage\",\"url\":\"https:\/\/c-iautomobile.ro\/wp-content\/uploads\/2024\/11\/1-scaled-12.jpg\",\"contentUrl\":\"https:\/\/c-iautomobile.ro\/wp-content\/uploads\/2024\/11\/1-scaled-12.jpg\",\"width\":2560,\"height\":1419},{\"@type\":\"BreadcrumbList\",\"@id\":\"https:\/\/c-iautomobile.ro\/en\/cars\/mercedes-benz-540k-68\/#breadcrumb\",\"itemListElement\":[{\"@type\":\"ListItem\",\"position\":1,\"name\":\"Home\",\"item\":\"https:\/\/c-iautomobile.ro\/en\/\"},{\"@type\":\"ListItem\",\"position\":2,\"name\":\"Cars\",\"item\":\"https:\/\/c-iautomobile.ro\/en\/cars\/\"},{\"@type\":\"ListItem\",\"position\":3,\"name\":\"Mercedes-Benz ML 63 AMG 4Matic\"}]},{\"@type\":\"WebSite\",\"@id\":\"https:\/\/c-iautomobile.ro\/en\/#website\",\"url\":\"https:\/\/c-iautomobile.ro\/en\/\",\"name\":\"automobile\",\"description\":\"\",\"potentialAction\":[{\"@type\":\"SearchAction\",\"target\":{\"@type\":\"EntryPoint\",\"urlTemplate\":\"https:\/\/c-iautomobile.ro\/en\/?s={search_term_string}\"},\"query-input\":{\"@type\":\"PropertyValueSpecification\",\"valueRequired\":true,\"valueName\":\"search_term_string\"}}],\"inLanguage\":\"en-US\"}]}<\/script>\n<!-- \/ Yoast SEO plugin. -->","yoast_head_json":{"title":"Mercedes-Benz ML 63 AMG 4Matic - automobile","robots":{"index":"index","follow":"follow","max-snippet":"max-snippet:-1","max-image-preview":"max-image-preview:large","max-video-preview":"max-video-preview:-1"},"canonical":"https:\/\/c-iautomobile.ro\/en\/cars\/mercedes-benz-540k-68\/","og_locale":"en_US","og_type":"article","og_title":"Mercedes-Benz ML 63 AMG 4Matic - automobile","og_description":"Mercedes-Benz ML 63 AMG 2013 este un SUV de \u00eenalt\u0103 performan\u021b\u0103 care reu\u0219e\u0219te s\u0103 \u00eembine puterea brutal\u0103 a unui motor V8 bi-turbo cu confortul \u0219i luxul caracteristic m\u0103rcii Mercedes-Benz. Acest model este ideal pentru cei care doresc un SUV care s\u0103 ofere at\u00e2t performan\u021be remarcabile, c\u00e2t \u0219i un interior de lux bine echipat. Cu un [&hellip;]","og_url":"https:\/\/c-iautomobile.ro\/en\/cars\/mercedes-benz-540k-68\/","og_site_name":"automobile","og_image":[{"width":2560,"height":1419,"url":"https:\/\/c-iautomobile.ro\/wp-content\/uploads\/2024\/11\/1-scaled-12.jpg","type":"image\/jpeg"}],"twitter_card":"summary_large_image","twitter_misc":{"Est. reading time":"1 minute"},"schema":{"@context":"https:\/\/schema.org","@graph":[{"@type":"WebPage","@id":"https:\/\/c-iautomobile.ro\/en\/cars\/mercedes-benz-540k-68\/","url":"https:\/\/c-iautomobile.ro\/en\/cars\/mercedes-benz-540k-68\/","name":"Mercedes-Benz ML 63 AMG 4Matic - automobile","isPartOf":{"@id":"https:\/\/c-iautomobile.ro\/en\/#website"},"primaryImageOfPage":{"@id":"https:\/\/c-iautomobile.ro\/en\/cars\/mercedes-benz-540k-68\/#primaryimage"},"image":{"@id":"https:\/\/c-iautomobile.ro\/en\/cars\/mercedes-benz-540k-68\/#primaryimage"},"thumbnailUrl":"https:\/\/c-iautomobile.ro\/wp-content\/uploads\/2024\/11\/1-scaled-12.jpg","datePublished":"2024-09-02T14:28:19+00:00","breadcrumb":{"@id":"https:\/\/c-iautomobile.ro\/en\/cars\/mercedes-benz-540k-68\/#breadcrumb"},"inLanguage":"en-US","potentialAction":[{"@type":"ReadAction","target":["https:\/\/c-iautomobile.ro\/en\/cars\/mercedes-benz-540k-68\/"]}]},{"@type":"ImageObject","inLanguage":"en-US","@id":"https:\/\/c-iautomobile.ro\/en\/cars\/mercedes-benz-540k-68\/#primaryimage","url":"https:\/\/c-iautomobile.ro\/wp-content\/uploads\/2024\/11\/1-scaled-12.jpg","contentUrl":"https:\/\/c-iautomobile.ro\/wp-content\/uploads\/2024\/11\/1-scaled-12.jpg","width":2560,"height":1419},{"@type":"BreadcrumbList","@id":"https:\/\/c-iautomobile.ro\/en\/cars\/mercedes-benz-540k-68\/#breadcrumb","itemListElement":[{"@type":"ListItem","position":1,"name":"Home","item":"https:\/\/c-iautomobile.ro\/en\/"},{"@type":"ListItem","position":2,"name":"Cars","item":"https:\/\/c-iautomobile.ro\/en\/cars\/"},{"@type":"ListItem","position":3,"name":"Mercedes-Benz ML 63 AMG 4Matic"}]},{"@type":"WebSite","@id":"https:\/\/c-iautomobile.ro\/en\/#website","url":"https:\/\/c-iautomobile.ro\/en\/","name":"automobile","description":"","potentialAction":[{"@type":"SearchAction","target":{"@type":"EntryPoint","urlTemplate":"https:\/\/c-iautomobile.ro\/en\/?s={search_term_string}"},"query-input":{"@type":"PropertyValueSpecification","valueRequired":true,"valueName":"search_term_string"}}],"inLanguage":"en-US"}]}},"_links":{"self":[{"href":"https:\/\/c-iautomobile.ro\/en\/wp-json\/wp\/v2\/cars\/4554","targetHints":{"allow":["GET"]}}],"collection":[{"href":"https:\/\/c-iautomobile.ro\/en\/wp-json\/wp\/v2\/cars"}],"about":[{"href":"https:\/\/c-iautomobile.ro\/en\/wp-json\/wp\/v2\/types\/cars"}],"wp:featuredmedia":[{"embeddable":true,"href":"https:\/\/c-iautomobile.ro\/en\/wp-json\/wp\/v2\/media\/473"}],"wp:attachment":[{"href":"https:\/\/c-iautomobile.ro\/en\/wp-json\/wp\/v2\/media?parent=4554"}],"wp:term":[{"taxonomy":"mark_model","embeddable":true,"href":"https:\/\/c-iautomobile.ro\/en\/wp-json\/wp\/v2\/mark_model?post=4554"},{"taxonomy":"yearauto","embeddable":true,"href":"https:\/\/c-iautomobile.ro\/en\/wp-json\/wp\/v2\/yearauto?post=4554"},{"taxonomy":"body_type","embeddable":true,"href":"https:\/\/c-iautomobile.ro\/en\/wp-json\/wp\/v2\/body_type?post=4554"},{"taxonomy":"fuel_type","embeddable":true,"href":"https:\/\/c-iautomobile.ro\/en\/wp-json\/wp\/v2\/fuel_type?post=4554"},{"taxonomy":"transmission","embeddable":true,"href":"https:\/\/c-iautomobile.ro\/en\/wp-json\/wp\/v2\/transmission?post=4554"},{"taxonomy":"drive_type","embeddable":true,"href":"https:\/\/c-iautomobile.ro\/en\/wp-json\/wp\/v2\/drive_type?post=4554"},{"taxonomy":"condition","embeddable":true,"href":"https:\/\/c-iautomobile.ro\/en\/wp-json\/wp\/v2\/condition?post=4554"},{"taxonomy":"engine_size","embeddable":true,"href":"https:\/\/c-iautomobile.ro\/en\/wp-json\/wp\/v2\/engine_size?post=4554"},{"taxonomy":"door","embeddable":true,"href":"https:\/\/c-iautomobile.ro\/en\/wp-json\/wp\/v2\/door?post=4554"},{"taxonomy":"cylinder","embeddable":true,"href":"https:\/\/c-iautomobile.ro\/en\/wp-json\/wp\/v2\/cylinder?post=4554"},{"taxonomy":"color","embeddable":true,"href":"https:\/\/c-iautomobile.ro\/en\/wp-json\/wp\/v2\/color?post=4554"},{"taxonomy":"features","embeddable":true,"href":"https:\/\/c-iautomobile.ro\/en\/wp-json\/wp\/v2\/features?post=4554"},{"taxonomy":"filters","embeddable":true,"href":"https:\/\/c-iautomobile.ro\/en\/wp-json\/wp\/v2\/filters?post=4554"},{"taxonomy":"labels","embeddable":true,"href":"https:\/\/c-iautomobile.ro\/en\/wp-json\/wp\/v2\/labels?post=4554"}],"curies":[{"name":"wp","href":"https:\/\/api.w.org\/{rel}","templated":true}]}}

<p>Mercedes-Benz ML 63 AMG 2013 este un SUV de înaltă performanță care reușește să îmbine puterea brutală a unui motor V8 bi-turbo cu confortul și luxul caracteristic mărcii Mercedes-Benz. Acest model este ideal pentru cei care doresc un SUV care să ofere atât performanțe remarcabile, cât și un interior de lux bine echipat. Cu un design sportiv, tehnologie avansată și siguranță de top, ML 63 AMG continuă să fie o alegere atractivă pentru pasionații de performanță care nu doresc să facă compromisuri în ceea ce privește confortul și stilul.</p>
<ul>
<li>AMG PERFORMANCE PACKAGE</li>
<li>piele perforata Nappa Exclusive cu cusatura contrastanta</li>
<li>plafon alkantara</li>
<li>Suspensie pneumatică AIRMATIC AMG cu Adaptive Damping System (ADS), care permite ajustarea înălțimii și fermității suspensiei pentru a optimiza confortul sau performanța</li>
<li>moduri de condus (Comfort, Sport, Sport+) care modifică răspunsul motorului, transmisiei și suspensiei.</li>
<li>Scaune sport AMG reglabile electric, cu funcții de memorie, încălzire și ventilație</li>
<li>pachet parcare &#8211; include senzori parcare fata-spate+camera 360</li>
<li>pachet oglinda</li>
<li>pachet antifurt</li>
<li>sistem divertisment spate -include 2 monitoare LCD cu intrare USB</li>
<li>AMG-DRIVER-PACKAGE</li>
<li>asistent activ unghi mort</li>
<li>distronic plus</li>
<li>trapa tip panorama</li>
<li>senzor presiune roti</li>
<li>carlig tractare</li>
<li>asistent faza lunga</li>
<li>instalatie spalare faruri</li>
<li>nightvision</li>
<li>trepte laterale din aluminiu</li>
<li>sunet premium Bang &amp; Olufsen</li>
</ul>

<!-- This site is optimized with the Yoast SEO plugin v26.5 - https://yoast.com/wordpress/plugins/seo/ -->
<title>Mercedes-Benz ML 63 AMG 4Matic - automobile</title>
<meta name="robots" content="index, follow, max-snippet:-1, max-image-preview:large, max-video-preview:-1" />
<link rel="canonical" href="https://c-iautomobile.ro/en/cars/mercedes-benz-540k-68/" />
<meta property="og:locale" content="en_US" />
<meta property="og:type" content="article" />
<meta property="og:title" content="Mercedes-Benz ML 63 AMG 4Matic - automobile" />
<meta property="og:description" content="Mercedes-Benz ML 63 AMG 2013 este un SUV de înaltă performanță care reușește să îmbine puterea brutală a unui motor V8 bi-turbo cu confortul și luxul caracteristic mărcii Mercedes-Benz. Acest model este ideal pentru cei care doresc un SUV care să ofere atât performanțe remarcabile, cât și un interior de lux bine echipat. Cu un [&hellip;]" />
<meta property="og:url" content="https://c-iautomobile.ro/en/cars/mercedes-benz-540k-68/" />
<meta property="og:site_name" content="automobile" />
<meta property="og:image" content="https://c-iautomobile.ro/wp-content/uploads/2024/11/1-scaled-12.jpg" />
	<meta property="og:image:width" content="2560" />
	<meta property="og:image:height" content="1419" />
	<meta property="og:image:type" content="image/jpeg" />
<meta name="twitter:card" content="summary_large_image" />
<meta name="twitter:label1" content="Est. reading time" />
	<meta name="twitter:data1" content="1 minute" />
<script type="application/ld+json" class="yoast-schema-graph">{"@context":"https://schema.org","@graph":[{"@type":"WebPage","@id":"https://c-iautomobile.ro/en/cars/mercedes-benz-540k-68/","url":"https://c-iautomobile.ro/en/cars/mercedes-benz-540k-68/","name":"Mercedes-Benz ML 63 AMG 4Matic - automobile","isPartOf":{"@id":"https://c-iautomobile.ro/en/#website"},"primaryImageOfPage":{"@id":"https://c-iautomobile.ro/en/cars/mercedes-benz-540k-68/#primaryimage"},"image":{"@id":"https://c-iautomobile.ro/en/cars/mercedes-benz-540k-68/#primaryimage"},"thumbnailUrl":"https://c-iautomobile.ro/wp-content/uploads/2024/11/1-scaled-12.jpg","datePublished":"2024-09-02T14:28:19+00:00","breadcrumb":{"@id":"https://c-iautomobile.ro/en/cars/mercedes-benz-540k-68/#breadcrumb"},"inLanguage":"en-US","potentialAction":[{"@type":"ReadAction","target":["https://c-iautomobile.ro/en/cars/mercedes-benz-540k-68/"]}]},{"@type":"ImageObject","inLanguage":"en-US","@id":"https://c-iautomobile.ro/en/cars/mercedes-benz-540k-68/#primaryimage","url":"https://c-iautomobile.ro/wp-content/uploads/2024/11/1-scaled-12.jpg","contentUrl":"https://c-iautomobile.ro/wp-content/uploads/2024/11/1-scaled-12.jpg","width":2560,"height":1419},{"@type":"BreadcrumbList","@id":"https://c-iautomobile.ro/en/cars/mercedes-benz-540k-68/#breadcrumb","itemListElement":[{"@type":"ListItem","position":1,"name":"Home","item":"https://c-iautomobile.ro/en/"},{"@type":"ListItem","position":2,"name":"Cars","item":"https://c-iautomobile.ro/en/cars/"},{"@type":"ListItem","position":3,"name":"Mercedes-Benz ML 63 AMG 4Matic"}]},{"@type":"WebSite","@id":"https://c-iautomobile.ro/en/#website","url":"https://c-iautomobile.ro/en/","name":"automobile","description":"","potentialAction":[{"@type":"SearchAction","target":{"@type":"EntryPoint","urlTemplate":"https://c-iautomobile.ro/en/?s={search_term_string}"},"query-input":{"@type":"PropertyValueSpecification","valueRequired":true,"valueName":"search_term_string"}}],"inLanguage":"en-US"}]}</script>
<!-- / Yoast SEO plugin. -->

Mercedes-Benz ML 63 AMG 2013 este un SUV de înaltă performanță care reușește să îmbine puterea brutală a unui motor V8 bi-turbo cu confortul și luxul caracteristic mărcii Mercedes-Benz. Acest model este ideal pentru cei care doresc un SUV care să ofere atât performanțe remarcabile, cât și un interior de lux bine echipat. Cu un [&hellip;]
