{"id":4568,"date":"2024-11-20T11:48:16","date_gmt":"2024-11-20T11:48:16","guid":{"rendered":"https:\/\/c-iautomobile.ro\/cars\/mercedes-benz-540k-82\/"},"modified":"2025-01-20T10:37:10","modified_gmt":"2025-01-20T10:37:10","slug":"mercedes-benz-540k-82","status":"publish","type":"cars","link":"https:\/\/c-iautomobile.ro\/en\/cars\/mercedes-benz-540k-82\/","title":{"rendered":"Mercedes-Benz G 63 Edition One"},"content":{"rendered":"<p>Mercedes-Benz G 63 AMG Edition 1 este o edi\u021bie special\u0103 a legendarului SUV G-Class, care combin\u0103 performan\u021ba impresionant\u0103 a versiunii AMG cu detalii de design exclusiviste \u0219i o personalizare premium. Aceast\u0103 edi\u021bie limitat\u0103 celebreaz\u0103 re\u00eennoirea iconic\u0103 a Clasei G \u0219i aduce un nivel de exclusivitate \u0219i stil care \u00eel plaseaz\u0103 \u00een topul SUV-urilor de lux.<\/p>\n<ul>\n<li>Accente de design ro\u0219u pe oglinzile laterale, jante \u0219i alte elemente, care contrasteaz\u0103 elegant cu vopseaua exterioar\u0103<\/li>\n<li>Tapi\u021berie din piele Nappa de \u00eenalt\u0103 calitate, cu cus\u0103turi contrastante ro\u0219ii.<\/li>\n<li>Elemente decorative din fibr\u0103 de carbon cu inser\u021bii ro\u0219ii, specific edi\u021biei Edition 1.<\/li>\n<li>pachet otel<\/li>\n<li>pachet parcare cu camera 360<\/li>\n<li>pachet scaune active multicontur<\/li>\n<li>pachet conectivitate premium<\/li>\n<li>carlig tractare<\/li>\n<li>AMG RIDE CONTROL<\/li>\n<li>asistent mentinere banda de circulatie<\/li>\n<li>etriere vopsite rosu AMG fata-spate<\/li>\n<li>asistent unghi mort<\/li>\n<li>gard\u0103 la sol mare, unghiuri de atac \u0219i degajare generoase, care permit explorarea terenurilor dificile<\/li>\n<li>diferen\u021biale blocabile (fa\u021b\u0103, centru, spate) pentru performan\u021be off-road superioare<\/li>\n<li>Capacitate de traversare a vadurilor de ap\u0103 de p\u00e2n\u0103 la 70 cm<\/li>\n<li>scaune reglabile electric, cu func\u021bii de \u00eenc\u0103lzire, ventila\u021bie \u0219i masaj<\/li>\n<li>cus\u0103turi contrastante ro\u0219ii \u0219i logo AMG embosat<\/li>\n<li>sistem de iluminare cu 64 de culori<\/li>\n<li>pilot automat adaptiv cu func\u021bie de stop-and-go<\/li>\n<li>evacuare dubl\u0103, cu sunet reglabil<\/li>\n<li>trapa electrica<\/li>\n<li>plafon imbracat in microfibra<\/li>\n<li>asistent semne de circulatie<\/li>\n<li>asistent faza lunga<\/li>\n<li>AMG Night package<\/li>\n<li>TVA DEDUCTIBIL<\/li>\n<li>POSIBILITATE FINANTARE<\/li>\n<\/ul>\n","protected":false},"featured_media":515,"template":"","mark_model":[258],"yearauto":[51],"body_type":[231],"fuel_type":[139],"transmission":[71],"drive_type":[147],"condition":[141],"engine_size":[259],"door":[],"cylinder":[],"color":[158],"features":[],"filters":[],"labels":[294],"class_list":["post-4568","cars","type-cars","status-publish","has-post-thumbnail","hentry","mark_model-g63-amg","yearauto-51","body_type-jeep","fuel_type-benzina","transmission-automatic","drive_type-integrala","condition-folosit","engine_size-259","color-negru-metalizat","labels-tva-deductibil"],"acf":[],"yoast_head":"<!-- This site is optimized with the Yoast SEO plugin v26.5 - https:\/\/yoast.com\/wordpress\/plugins\/seo\/ -->\n<title>Mercedes-Benz G 63 Edition One - automobile<\/title>\n<meta name=\"robots\" content=\"index, follow, max-snippet:-1, max-image-preview:large, max-video-preview:-1\" \/>\n<link rel=\"canonical\" href=\"https:\/\/c-iautomobile.ro\/en\/cars\/mercedes-benz-540k-82\/\" \/>\n<meta property=\"og:locale\" content=\"en_US\" \/>\n<meta property=\"og:type\" content=\"article\" \/>\n<meta property=\"og:title\" content=\"Mercedes-Benz G 63 Edition One - automobile\" \/>\n<meta property=\"og:description\" content=\"Mercedes-Benz G 63 AMG Edition 1 este o edi\u021bie special\u0103 a legendarului SUV G-Class, care combin\u0103 performan\u021ba impresionant\u0103 a versiunii AMG cu detalii de design exclusiviste \u0219i o personalizare premium. Aceast\u0103 edi\u021bie limitat\u0103 celebreaz\u0103 re\u00eennoirea iconic\u0103 a Clasei G \u0219i aduce un nivel de exclusivitate \u0219i stil care \u00eel plaseaz\u0103 \u00een topul SUV-urilor de lux. [&hellip;]\" \/>\n<meta property=\"og:url\" content=\"https:\/\/c-iautomobile.ro\/en\/cars\/mercedes-benz-540k-82\/\" \/>\n<meta property=\"og:site_name\" content=\"automobile\" \/>\n<meta property=\"article:modified_time\" content=\"2025-01-20T10:37:10+00:00\" \/>\n<meta property=\"og:image\" content=\"https:\/\/c-iautomobile.ro\/wp-content\/uploads\/2024\/11\/1-1-scaled-14.jpg\" \/>\n\t<meta property=\"og:image:width\" content=\"2560\" \/>\n\t<meta property=\"og:image:height\" content=\"1470\" \/>\n\t<meta property=\"og:image:type\" content=\"image\/jpeg\" \/>\n<meta name=\"twitter:card\" content=\"summary_large_image\" \/>\n<meta name=\"twitter:label1\" content=\"Est. reading time\" \/>\n\t<meta name=\"twitter:data1\" content=\"2 minutes\" \/>\n<script type=\"application\/ld+json\" class=\"yoast-schema-graph\">{\"@context\":\"https:\/\/schema.org\",\"@graph\":[{\"@type\":\"WebPage\",\"@id\":\"https:\/\/c-iautomobile.ro\/en\/cars\/mercedes-benz-540k-82\/\",\"url\":\"https:\/\/c-iautomobile.ro\/en\/cars\/mercedes-benz-540k-82\/\",\"name\":\"Mercedes-Benz G 63 Edition One - automobile\",\"isPartOf\":{\"@id\":\"https:\/\/c-iautomobile.ro\/en\/#website\"},\"primaryImageOfPage\":{\"@id\":\"https:\/\/c-iautomobile.ro\/en\/cars\/mercedes-benz-540k-82\/#primaryimage\"},\"image\":{\"@id\":\"https:\/\/c-iautomobile.ro\/en\/cars\/mercedes-benz-540k-82\/#primaryimage\"},\"thumbnailUrl\":\"https:\/\/c-iautomobile.ro\/wp-content\/uploads\/2024\/11\/1-1-scaled-14.jpg\",\"datePublished\":\"2024-11-20T11:48:16+00:00\",\"dateModified\":\"2025-01-20T10:37:10+00:00\",\"breadcrumb\":{\"@id\":\"https:\/\/c-iautomobile.ro\/en\/cars\/mercedes-benz-540k-82\/#breadcrumb\"},\"inLanguage\":\"en-US\",\"potentialAction\":[{\"@type\":\"ReadAction\",\"target\":[\"https:\/\/c-iautomobile.ro\/en\/cars\/mercedes-benz-540k-82\/\"]}]},{\"@type\":\"ImageObject\",\"inLanguage\":\"en-US\",\"@id\":\"https:\/\/c-iautomobile.ro\/en\/cars\/mercedes-benz-540k-82\/#primaryimage\",\"url\":\"https:\/\/c-iautomobile.ro\/wp-content\/uploads\/2024\/11\/1-1-scaled-14.jpg\",\"contentUrl\":\"https:\/\/c-iautomobile.ro\/wp-content\/uploads\/2024\/11\/1-1-scaled-14.jpg\",\"width\":2560,\"height\":1470},{\"@type\":\"BreadcrumbList\",\"@id\":\"https:\/\/c-iautomobile.ro\/en\/cars\/mercedes-benz-540k-82\/#breadcrumb\",\"itemListElement\":[{\"@type\":\"ListItem\",\"position\":1,\"name\":\"Home\",\"item\":\"https:\/\/c-iautomobile.ro\/en\/\"},{\"@type\":\"ListItem\",\"position\":2,\"name\":\"Cars\",\"item\":\"https:\/\/c-iautomobile.ro\/en\/cars\/\"},{\"@type\":\"ListItem\",\"position\":3,\"name\":\"Mercedes-Benz G 63 Edition One\"}]},{\"@type\":\"WebSite\",\"@id\":\"https:\/\/c-iautomobile.ro\/en\/#website\",\"url\":\"https:\/\/c-iautomobile.ro\/en\/\",\"name\":\"automobile\",\"description\":\"\",\"potentialAction\":[{\"@type\":\"SearchAction\",\"target\":{\"@type\":\"EntryPoint\",\"urlTemplate\":\"https:\/\/c-iautomobile.ro\/en\/?s={search_term_string}\"},\"query-input\":{\"@type\":\"PropertyValueSpecification\",\"valueRequired\":true,\"valueName\":\"search_term_string\"}}],\"inLanguage\":\"en-US\"}]}<\/script>\n<!-- \/ Yoast SEO plugin. -->","yoast_head_json":{"title":"Mercedes-Benz G 63 Edition One - automobile","robots":{"index":"index","follow":"follow","max-snippet":"max-snippet:-1","max-image-preview":"max-image-preview:large","max-video-preview":"max-video-preview:-1"},"canonical":"https:\/\/c-iautomobile.ro\/en\/cars\/mercedes-benz-540k-82\/","og_locale":"en_US","og_type":"article","og_title":"Mercedes-Benz G 63 Edition One - automobile","og_description":"Mercedes-Benz G 63 AMG Edition 1 este o edi\u021bie special\u0103 a legendarului SUV G-Class, care combin\u0103 performan\u021ba impresionant\u0103 a versiunii AMG cu detalii de design exclusiviste \u0219i o personalizare premium. Aceast\u0103 edi\u021bie limitat\u0103 celebreaz\u0103 re\u00eennoirea iconic\u0103 a Clasei G \u0219i aduce un nivel de exclusivitate \u0219i stil care \u00eel plaseaz\u0103 \u00een topul SUV-urilor de lux. [&hellip;]","og_url":"https:\/\/c-iautomobile.ro\/en\/cars\/mercedes-benz-540k-82\/","og_site_name":"automobile","article_modified_time":"2025-01-20T10:37:10+00:00","og_image":[{"width":2560,"height":1470,"url":"https:\/\/c-iautomobile.ro\/wp-content\/uploads\/2024\/11\/1-1-scaled-14.jpg","type":"image\/jpeg"}],"twitter_card":"summary_large_image","twitter_misc":{"Est. reading time":"2 minutes"},"schema":{"@context":"https:\/\/schema.org","@graph":[{"@type":"WebPage","@id":"https:\/\/c-iautomobile.ro\/en\/cars\/mercedes-benz-540k-82\/","url":"https:\/\/c-iautomobile.ro\/en\/cars\/mercedes-benz-540k-82\/","name":"Mercedes-Benz G 63 Edition One - automobile","isPartOf":{"@id":"https:\/\/c-iautomobile.ro\/en\/#website"},"primaryImageOfPage":{"@id":"https:\/\/c-iautomobile.ro\/en\/cars\/mercedes-benz-540k-82\/#primaryimage"},"image":{"@id":"https:\/\/c-iautomobile.ro\/en\/cars\/mercedes-benz-540k-82\/#primaryimage"},"thumbnailUrl":"https:\/\/c-iautomobile.ro\/wp-content\/uploads\/2024\/11\/1-1-scaled-14.jpg","datePublished":"2024-11-20T11:48:16+00:00","dateModified":"2025-01-20T10:37:10+00:00","breadcrumb":{"@id":"https:\/\/c-iautomobile.ro\/en\/cars\/mercedes-benz-540k-82\/#breadcrumb"},"inLanguage":"en-US","potentialAction":[{"@type":"ReadAction","target":["https:\/\/c-iautomobile.ro\/en\/cars\/mercedes-benz-540k-82\/"]}]},{"@type":"ImageObject","inLanguage":"en-US","@id":"https:\/\/c-iautomobile.ro\/en\/cars\/mercedes-benz-540k-82\/#primaryimage","url":"https:\/\/c-iautomobile.ro\/wp-content\/uploads\/2024\/11\/1-1-scaled-14.jpg","contentUrl":"https:\/\/c-iautomobile.ro\/wp-content\/uploads\/2024\/11\/1-1-scaled-14.jpg","width":2560,"height":1470},{"@type":"BreadcrumbList","@id":"https:\/\/c-iautomobile.ro\/en\/cars\/mercedes-benz-540k-82\/#breadcrumb","itemListElement":[{"@type":"ListItem","position":1,"name":"Home","item":"https:\/\/c-iautomobile.ro\/en\/"},{"@type":"ListItem","position":2,"name":"Cars","item":"https:\/\/c-iautomobile.ro\/en\/cars\/"},{"@type":"ListItem","position":3,"name":"Mercedes-Benz G 63 Edition One"}]},{"@type":"WebSite","@id":"https:\/\/c-iautomobile.ro\/en\/#website","url":"https:\/\/c-iautomobile.ro\/en\/","name":"automobile","description":"","potentialAction":[{"@type":"SearchAction","target":{"@type":"EntryPoint","urlTemplate":"https:\/\/c-iautomobile.ro\/en\/?s={search_term_string}"},"query-input":{"@type":"PropertyValueSpecification","valueRequired":true,"valueName":"search_term_string"}}],"inLanguage":"en-US"}]}},"_links":{"self":[{"href":"https:\/\/c-iautomobile.ro\/en\/wp-json\/wp\/v2\/cars\/4568","targetHints":{"allow":["GET"]}}],"collection":[{"href":"https:\/\/c-iautomobile.ro\/en\/wp-json\/wp\/v2\/cars"}],"about":[{"href":"https:\/\/c-iautomobile.ro\/en\/wp-json\/wp\/v2\/types\/cars"}],"wp:featuredmedia":[{"embeddable":true,"href":"https:\/\/c-iautomobile.ro\/en\/wp-json\/wp\/v2\/media\/515"}],"wp:attachment":[{"href":"https:\/\/c-iautomobile.ro\/en\/wp-json\/wp\/v2\/media?parent=4568"}],"wp:term":[{"taxonomy":"mark_model","embeddable":true,"href":"https:\/\/c-iautomobile.ro\/en\/wp-json\/wp\/v2\/mark_model?post=4568"},{"taxonomy":"yearauto","embeddable":true,"href":"https:\/\/c-iautomobile.ro\/en\/wp-json\/wp\/v2\/yearauto?post=4568"},{"taxonomy":"body_type","embeddable":true,"href":"https:\/\/c-iautomobile.ro\/en\/wp-json\/wp\/v2\/body_type?post=4568"},{"taxonomy":"fuel_type","embeddable":true,"href":"https:\/\/c-iautomobile.ro\/en\/wp-json\/wp\/v2\/fuel_type?post=4568"},{"taxonomy":"transmission","embeddable":true,"href":"https:\/\/c-iautomobile.ro\/en\/wp-json\/wp\/v2\/transmission?post=4568"},{"taxonomy":"drive_type","embeddable":true,"href":"https:\/\/c-iautomobile.ro\/en\/wp-json\/wp\/v2\/drive_type?post=4568"},{"taxonomy":"condition","embeddable":true,"href":"https:\/\/c-iautomobile.ro\/en\/wp-json\/wp\/v2\/condition?post=4568"},{"taxonomy":"engine_size","embeddable":true,"href":"https:\/\/c-iautomobile.ro\/en\/wp-json\/wp\/v2\/engine_size?post=4568"},{"taxonomy":"door","embeddable":true,"href":"https:\/\/c-iautomobile.ro\/en\/wp-json\/wp\/v2\/door?post=4568"},{"taxonomy":"cylinder","embeddable":true,"href":"https:\/\/c-iautomobile.ro\/en\/wp-json\/wp\/v2\/cylinder?post=4568"},{"taxonomy":"color","embeddable":true,"href":"https:\/\/c-iautomobile.ro\/en\/wp-json\/wp\/v2\/color?post=4568"},{"taxonomy":"features","embeddable":true,"href":"https:\/\/c-iautomobile.ro\/en\/wp-json\/wp\/v2\/features?post=4568"},{"taxonomy":"filters","embeddable":true,"href":"https:\/\/c-iautomobile.ro\/en\/wp-json\/wp\/v2\/filters?post=4568"},{"taxonomy":"labels","embeddable":true,"href":"https:\/\/c-iautomobile.ro\/en\/wp-json\/wp\/v2\/labels?post=4568"}],"curies":[{"name":"wp","href":"https:\/\/api.w.org\/{rel}","templated":true}]}}

<p>Mercedes-Benz G 63 AMG Edition 1 este o ediție specială a legendarului SUV G-Class, care combină performanța impresionantă a versiunii AMG cu detalii de design exclusiviste și o personalizare premium. Această ediție limitată celebrează reînnoirea iconică a Clasei G și aduce un nivel de exclusivitate și stil care îl plasează în topul SUV-urilor de lux.</p>
<ul>
<li>Accente de design roșu pe oglinzile laterale, jante și alte elemente, care contrastează elegant cu vopseaua exterioară</li>
<li>Tapițerie din piele Nappa de înaltă calitate, cu cusături contrastante roșii.</li>
<li>Elemente decorative din fibră de carbon cu inserții roșii, specific ediției Edition 1.</li>
<li>pachet otel</li>
<li>pachet parcare cu camera 360</li>
<li>pachet scaune active multicontur</li>
<li>pachet conectivitate premium</li>
<li>carlig tractare</li>
<li>AMG RIDE CONTROL</li>
<li>asistent mentinere banda de circulatie</li>
<li>etriere vopsite rosu AMG fata-spate</li>
<li>asistent unghi mort</li>
<li>gardă la sol mare, unghiuri de atac și degajare generoase, care permit explorarea terenurilor dificile</li>
<li>diferențiale blocabile (față, centru, spate) pentru performanțe off-road superioare</li>
<li>Capacitate de traversare a vadurilor de apă de până la 70 cm</li>
<li>scaune reglabile electric, cu funcții de încălzire, ventilație și masaj</li>
<li>cusături contrastante roșii și logo AMG embosat</li>
<li>sistem de iluminare cu 64 de culori</li>
<li>pilot automat adaptiv cu funcție de stop-and-go</li>
<li>evacuare dublă, cu sunet reglabil</li>
<li>trapa electrica</li>
<li>plafon imbracat in microfibra</li>
<li>asistent semne de circulatie</li>
<li>asistent faza lunga</li>
<li>AMG Night package</li>
<li>TVA DEDUCTIBIL</li>
<li>POSIBILITATE FINANTARE</li>
</ul>

<!-- This site is optimized with the Yoast SEO plugin v26.5 - https://yoast.com/wordpress/plugins/seo/ -->
<title>Mercedes-Benz G 63 Edition One - automobile</title>
<meta name="robots" content="index, follow, max-snippet:-1, max-image-preview:large, max-video-preview:-1" />
<link rel="canonical" href="https://c-iautomobile.ro/en/cars/mercedes-benz-540k-82/" />
<meta property="og:locale" content="en_US" />
<meta property="og:type" content="article" />
<meta property="og:title" content="Mercedes-Benz G 63 Edition One - automobile" />
<meta property="og:description" content="Mercedes-Benz G 63 AMG Edition 1 este o ediție specială a legendarului SUV G-Class, care combină performanța impresionantă a versiunii AMG cu detalii de design exclusiviste și o personalizare premium. Această ediție limitată celebrează reînnoirea iconică a Clasei G și aduce un nivel de exclusivitate și stil care îl plasează în topul SUV-urilor de lux. [&hellip;]" />
<meta property="og:url" content="https://c-iautomobile.ro/en/cars/mercedes-benz-540k-82/" />
<meta property="og:site_name" content="automobile" />
<meta property="article:modified_time" content="2025-01-20T10:37:10+00:00" />
<meta property="og:image" content="https://c-iautomobile.ro/wp-content/uploads/2024/11/1-1-scaled-14.jpg" />
	<meta property="og:image:width" content="2560" />
	<meta property="og:image:height" content="1470" />
	<meta property="og:image:type" content="image/jpeg" />
<meta name="twitter:card" content="summary_large_image" />
<meta name="twitter:label1" content="Est. reading time" />
	<meta name="twitter:data1" content="2 minutes" />
<script type="application/ld+json" class="yoast-schema-graph">{"@context":"https://schema.org","@graph":[{"@type":"WebPage","@id":"https://c-iautomobile.ro/en/cars/mercedes-benz-540k-82/","url":"https://c-iautomobile.ro/en/cars/mercedes-benz-540k-82/","name":"Mercedes-Benz G 63 Edition One - automobile","isPartOf":{"@id":"https://c-iautomobile.ro/en/#website"},"primaryImageOfPage":{"@id":"https://c-iautomobile.ro/en/cars/mercedes-benz-540k-82/#primaryimage"},"image":{"@id":"https://c-iautomobile.ro/en/cars/mercedes-benz-540k-82/#primaryimage"},"thumbnailUrl":"https://c-iautomobile.ro/wp-content/uploads/2024/11/1-1-scaled-14.jpg","datePublished":"2024-11-20T11:48:16+00:00","dateModified":"2025-01-20T10:37:10+00:00","breadcrumb":{"@id":"https://c-iautomobile.ro/en/cars/mercedes-benz-540k-82/#breadcrumb"},"inLanguage":"en-US","potentialAction":[{"@type":"ReadAction","target":["https://c-iautomobile.ro/en/cars/mercedes-benz-540k-82/"]}]},{"@type":"ImageObject","inLanguage":"en-US","@id":"https://c-iautomobile.ro/en/cars/mercedes-benz-540k-82/#primaryimage","url":"https://c-iautomobile.ro/wp-content/uploads/2024/11/1-1-scaled-14.jpg","contentUrl":"https://c-iautomobile.ro/wp-content/uploads/2024/11/1-1-scaled-14.jpg","width":2560,"height":1470},{"@type":"BreadcrumbList","@id":"https://c-iautomobile.ro/en/cars/mercedes-benz-540k-82/#breadcrumb","itemListElement":[{"@type":"ListItem","position":1,"name":"Home","item":"https://c-iautomobile.ro/en/"},{"@type":"ListItem","position":2,"name":"Cars","item":"https://c-iautomobile.ro/en/cars/"},{"@type":"ListItem","position":3,"name":"Mercedes-Benz G 63 Edition One"}]},{"@type":"WebSite","@id":"https://c-iautomobile.ro/en/#website","url":"https://c-iautomobile.ro/en/","name":"automobile","description":"","potentialAction":[{"@type":"SearchAction","target":{"@type":"EntryPoint","urlTemplate":"https://c-iautomobile.ro/en/?s={search_term_string}"},"query-input":{"@type":"PropertyValueSpecification","valueRequired":true,"valueName":"search_term_string"}}],"inLanguage":"en-US"}]}</script>
<!-- / Yoast SEO plugin. -->

Mercedes-Benz G 63 AMG Edition 1 este o ediție specială a legendarului SUV G-Class, care combină performanța impresionantă a versiunii AMG cu detalii de design exclusiviste și o personalizare premium. Această ediție limitată celebrează reînnoirea iconică a Clasei G și aduce un nivel de exclusivitate și stil care îl plasează în topul SUV-urilor de lux. [&hellip;]
