{"id":4794,"date":"2025-01-14T07:50:19","date_gmt":"2025-01-14T07:50:19","guid":{"rendered":"https:\/\/c-iautomobile.ro\/cars\/mercedes-benz-gle-43-amg-2\/"},"modified":"2025-01-22T09:39:07","modified_gmt":"2025-01-22T09:39:07","slug":"mercedes-benz-gle-43-amg-2","status":"publish","type":"cars","link":"https:\/\/c-iautomobile.ro\/en\/cars\/mercedes-benz-gle-43-amg-2\/","title":{"rendered":"Mercedes-Benz GLE 43 AMG"},"content":{"rendered":"<p>Mercedes-AMG GLE 43 4MATIC Coupe este o combina\u021bie \u00eentre performan\u021ba AMG, luxul caracteristic Mercedes-Benz \u0219i un design distinct de SUV coupe. Acest model reprezint\u0103 o variant\u0103 sportiv\u0103, dar mai accesibil\u0103 dec\u00e2t fra\u021bii s\u0103i cu motoriz\u0103ri V8, fiind perfect pentru cei care \u00ee\u0219i doresc un echilibru \u00eentre putere, confort \u0219i tehnologie de ultim\u0103 genera\u021bie.<\/p>\n<ul>\n<li>vopsea exterioara Manufaktur Alb Diamant<\/li>\n<li>interior piele neagra<\/li>\n<li>sistem adaptiv de amortizare plus (ADS+)<\/li>\n<li>pachet integrare smartphone -carplay si androiauto<\/li>\n<li>pilot automat cu pastrarea distantei intre autovehicule (distronic plus)<\/li>\n<li>asistenta activa la parcare<\/li>\n<li>asistent activ unghi mort<\/li>\n<li>asistent pastrare banda de circulatie<\/li>\n<li>oglinda interioara si exterioara cu sistem automat antiorbire<\/li>\n<li>sistem avertizare coliziune spate<\/li>\n<li>asistare transversala distronic plus (DTR+Q)<\/li>\n<li>sistem asistenta franare plus<\/li>\n<li>ornamente volan lemn<\/li>\n<li>suport de pahare temperat<\/li>\n<li>scaune fata climatizate<\/li>\n<li>suspensie pneumatic\u0103 adaptiv\u0103, care asigur\u0103 un confort excelent \u0219i o dinamic\u0103 superioar\u0103-AMG Ride Control<\/li>\n<li>asistent recunoastere semne de circulatie<\/li>\n<li>scaune fata reglabile electric<\/li>\n<li>capitonaj plafon interior microfibra<\/li>\n<li>asistent activare faza lunga<\/li>\n<li>praguri laterale<\/li>\n<li>pachet iluminare interior<\/li>\n<li>TVA DEDUCTIBIL<\/li>\n<\/ul>\n","protected":false},"featured_media":4743,"template":"","mark_model":[136],"yearauto":[49],"body_type":[],"fuel_type":[],"transmission":[],"drive_type":[],"condition":[],"engine_size":[458],"door":[97],"cylinder":[],"color":[],"features":[],"filters":[],"labels":[],"class_list":["post-4794","cars","type-cars","status-publish","has-post-thumbnail","hentry","mark_model-mercedes-benz","yearauto-49","engine_size-2996-ro","door-5-doors"],"acf":[],"yoast_head":"<!-- This site is optimized with the Yoast SEO plugin v26.5 - https:\/\/yoast.com\/wordpress\/plugins\/seo\/ -->\n<title>Mercedes-Benz GLE 43 AMG - automobile<\/title>\n<meta name=\"robots\" content=\"index, follow, max-snippet:-1, max-image-preview:large, max-video-preview:-1\" \/>\n<link rel=\"canonical\" href=\"https:\/\/c-iautomobile.ro\/en\/cars\/mercedes-benz-gle-43-amg-2\/\" \/>\n<meta property=\"og:locale\" content=\"en_US\" \/>\n<meta property=\"og:type\" content=\"article\" \/>\n<meta property=\"og:title\" content=\"Mercedes-Benz GLE 43 AMG - automobile\" \/>\n<meta property=\"og:description\" content=\"Mercedes-AMG GLE 43 4MATIC Coupe este o combina\u021bie \u00eentre performan\u021ba AMG, luxul caracteristic Mercedes-Benz \u0219i un design distinct de SUV coupe. Acest model reprezint\u0103 o variant\u0103 sportiv\u0103, dar mai accesibil\u0103 dec\u00e2t fra\u021bii s\u0103i cu motoriz\u0103ri V8, fiind perfect pentru cei care \u00ee\u0219i doresc un echilibru \u00eentre putere, confort \u0219i tehnologie de ultim\u0103 genera\u021bie. vopsea exterioara [&hellip;]\" \/>\n<meta property=\"og:url\" content=\"https:\/\/c-iautomobile.ro\/en\/cars\/mercedes-benz-gle-43-amg-2\/\" \/>\n<meta property=\"og:site_name\" content=\"automobile\" \/>\n<meta property=\"article:modified_time\" content=\"2025-01-22T09:39:07+00:00\" \/>\n<meta property=\"og:image\" content=\"https:\/\/c-iautomobile.ro\/wp-content\/uploads\/2025\/01\/1-1-scaled.jpg\" \/>\n\t<meta property=\"og:image:width\" content=\"2560\" \/>\n\t<meta property=\"og:image:height\" content=\"1430\" \/>\n\t<meta property=\"og:image:type\" content=\"image\/jpeg\" \/>\n<meta name=\"twitter:card\" content=\"summary_large_image\" \/>\n<meta name=\"twitter:label1\" content=\"Est. reading time\" \/>\n\t<meta name=\"twitter:data1\" content=\"1 minute\" \/>\n<script type=\"application\/ld+json\" class=\"yoast-schema-graph\">{\"@context\":\"https:\/\/schema.org\",\"@graph\":[{\"@type\":\"WebPage\",\"@id\":\"https:\/\/c-iautomobile.ro\/en\/cars\/mercedes-benz-gle-43-amg-2\/\",\"url\":\"https:\/\/c-iautomobile.ro\/en\/cars\/mercedes-benz-gle-43-amg-2\/\",\"name\":\"Mercedes-Benz GLE 43 AMG - automobile\",\"isPartOf\":{\"@id\":\"https:\/\/c-iautomobile.ro\/en\/#website\"},\"primaryImageOfPage\":{\"@id\":\"https:\/\/c-iautomobile.ro\/en\/cars\/mercedes-benz-gle-43-amg-2\/#primaryimage\"},\"image\":{\"@id\":\"https:\/\/c-iautomobile.ro\/en\/cars\/mercedes-benz-gle-43-amg-2\/#primaryimage\"},\"thumbnailUrl\":\"https:\/\/c-iautomobile.ro\/wp-content\/uploads\/2025\/01\/1-1-scaled.jpg\",\"datePublished\":\"2025-01-14T07:50:19+00:00\",\"dateModified\":\"2025-01-22T09:39:07+00:00\",\"breadcrumb\":{\"@id\":\"https:\/\/c-iautomobile.ro\/en\/cars\/mercedes-benz-gle-43-amg-2\/#breadcrumb\"},\"inLanguage\":\"en-US\",\"potentialAction\":[{\"@type\":\"ReadAction\",\"target\":[\"https:\/\/c-iautomobile.ro\/en\/cars\/mercedes-benz-gle-43-amg-2\/\"]}]},{\"@type\":\"ImageObject\",\"inLanguage\":\"en-US\",\"@id\":\"https:\/\/c-iautomobile.ro\/en\/cars\/mercedes-benz-gle-43-amg-2\/#primaryimage\",\"url\":\"https:\/\/c-iautomobile.ro\/wp-content\/uploads\/2025\/01\/1-1-scaled.jpg\",\"contentUrl\":\"https:\/\/c-iautomobile.ro\/wp-content\/uploads\/2025\/01\/1-1-scaled.jpg\",\"width\":2560,\"height\":1430},{\"@type\":\"BreadcrumbList\",\"@id\":\"https:\/\/c-iautomobile.ro\/en\/cars\/mercedes-benz-gle-43-amg-2\/#breadcrumb\",\"itemListElement\":[{\"@type\":\"ListItem\",\"position\":1,\"name\":\"Home\",\"item\":\"https:\/\/c-iautomobile.ro\/en\/\"},{\"@type\":\"ListItem\",\"position\":2,\"name\":\"Cars\",\"item\":\"https:\/\/c-iautomobile.ro\/en\/cars\/\"},{\"@type\":\"ListItem\",\"position\":3,\"name\":\"Mercedes-Benz GLE 43 AMG\"}]},{\"@type\":\"WebSite\",\"@id\":\"https:\/\/c-iautomobile.ro\/en\/#website\",\"url\":\"https:\/\/c-iautomobile.ro\/en\/\",\"name\":\"automobile\",\"description\":\"\",\"potentialAction\":[{\"@type\":\"SearchAction\",\"target\":{\"@type\":\"EntryPoint\",\"urlTemplate\":\"https:\/\/c-iautomobile.ro\/en\/?s={search_term_string}\"},\"query-input\":{\"@type\":\"PropertyValueSpecification\",\"valueRequired\":true,\"valueName\":\"search_term_string\"}}],\"inLanguage\":\"en-US\"}]}<\/script>\n<!-- \/ Yoast SEO plugin. -->","yoast_head_json":{"title":"Mercedes-Benz GLE 43 AMG - automobile","robots":{"index":"index","follow":"follow","max-snippet":"max-snippet:-1","max-image-preview":"max-image-preview:large","max-video-preview":"max-video-preview:-1"},"canonical":"https:\/\/c-iautomobile.ro\/en\/cars\/mercedes-benz-gle-43-amg-2\/","og_locale":"en_US","og_type":"article","og_title":"Mercedes-Benz GLE 43 AMG - automobile","og_description":"Mercedes-AMG GLE 43 4MATIC Coupe este o combina\u021bie \u00eentre performan\u021ba AMG, luxul caracteristic Mercedes-Benz \u0219i un design distinct de SUV coupe. Acest model reprezint\u0103 o variant\u0103 sportiv\u0103, dar mai accesibil\u0103 dec\u00e2t fra\u021bii s\u0103i cu motoriz\u0103ri V8, fiind perfect pentru cei care \u00ee\u0219i doresc un echilibru \u00eentre putere, confort \u0219i tehnologie de ultim\u0103 genera\u021bie. vopsea exterioara [&hellip;]","og_url":"https:\/\/c-iautomobile.ro\/en\/cars\/mercedes-benz-gle-43-amg-2\/","og_site_name":"automobile","article_modified_time":"2025-01-22T09:39:07+00:00","og_image":[{"width":2560,"height":1430,"url":"https:\/\/c-iautomobile.ro\/wp-content\/uploads\/2025\/01\/1-1-scaled.jpg","type":"image\/jpeg"}],"twitter_card":"summary_large_image","twitter_misc":{"Est. reading time":"1 minute"},"schema":{"@context":"https:\/\/schema.org","@graph":[{"@type":"WebPage","@id":"https:\/\/c-iautomobile.ro\/en\/cars\/mercedes-benz-gle-43-amg-2\/","url":"https:\/\/c-iautomobile.ro\/en\/cars\/mercedes-benz-gle-43-amg-2\/","name":"Mercedes-Benz GLE 43 AMG - automobile","isPartOf":{"@id":"https:\/\/c-iautomobile.ro\/en\/#website"},"primaryImageOfPage":{"@id":"https:\/\/c-iautomobile.ro\/en\/cars\/mercedes-benz-gle-43-amg-2\/#primaryimage"},"image":{"@id":"https:\/\/c-iautomobile.ro\/en\/cars\/mercedes-benz-gle-43-amg-2\/#primaryimage"},"thumbnailUrl":"https:\/\/c-iautomobile.ro\/wp-content\/uploads\/2025\/01\/1-1-scaled.jpg","datePublished":"2025-01-14T07:50:19+00:00","dateModified":"2025-01-22T09:39:07+00:00","breadcrumb":{"@id":"https:\/\/c-iautomobile.ro\/en\/cars\/mercedes-benz-gle-43-amg-2\/#breadcrumb"},"inLanguage":"en-US","potentialAction":[{"@type":"ReadAction","target":["https:\/\/c-iautomobile.ro\/en\/cars\/mercedes-benz-gle-43-amg-2\/"]}]},{"@type":"ImageObject","inLanguage":"en-US","@id":"https:\/\/c-iautomobile.ro\/en\/cars\/mercedes-benz-gle-43-amg-2\/#primaryimage","url":"https:\/\/c-iautomobile.ro\/wp-content\/uploads\/2025\/01\/1-1-scaled.jpg","contentUrl":"https:\/\/c-iautomobile.ro\/wp-content\/uploads\/2025\/01\/1-1-scaled.jpg","width":2560,"height":1430},{"@type":"BreadcrumbList","@id":"https:\/\/c-iautomobile.ro\/en\/cars\/mercedes-benz-gle-43-amg-2\/#breadcrumb","itemListElement":[{"@type":"ListItem","position":1,"name":"Home","item":"https:\/\/c-iautomobile.ro\/en\/"},{"@type":"ListItem","position":2,"name":"Cars","item":"https:\/\/c-iautomobile.ro\/en\/cars\/"},{"@type":"ListItem","position":3,"name":"Mercedes-Benz GLE 43 AMG"}]},{"@type":"WebSite","@id":"https:\/\/c-iautomobile.ro\/en\/#website","url":"https:\/\/c-iautomobile.ro\/en\/","name":"automobile","description":"","potentialAction":[{"@type":"SearchAction","target":{"@type":"EntryPoint","urlTemplate":"https:\/\/c-iautomobile.ro\/en\/?s={search_term_string}"},"query-input":{"@type":"PropertyValueSpecification","valueRequired":true,"valueName":"search_term_string"}}],"inLanguage":"en-US"}]}},"_links":{"self":[{"href":"https:\/\/c-iautomobile.ro\/en\/wp-json\/wp\/v2\/cars\/4794","targetHints":{"allow":["GET"]}}],"collection":[{"href":"https:\/\/c-iautomobile.ro\/en\/wp-json\/wp\/v2\/cars"}],"about":[{"href":"https:\/\/c-iautomobile.ro\/en\/wp-json\/wp\/v2\/types\/cars"}],"wp:featuredmedia":[{"embeddable":true,"href":"https:\/\/c-iautomobile.ro\/en\/wp-json\/wp\/v2\/media\/4743"}],"wp:attachment":[{"href":"https:\/\/c-iautomobile.ro\/en\/wp-json\/wp\/v2\/media?parent=4794"}],"wp:term":[{"taxonomy":"mark_model","embeddable":true,"href":"https:\/\/c-iautomobile.ro\/en\/wp-json\/wp\/v2\/mark_model?post=4794"},{"taxonomy":"yearauto","embeddable":true,"href":"https:\/\/c-iautomobile.ro\/en\/wp-json\/wp\/v2\/yearauto?post=4794"},{"taxonomy":"body_type","embeddable":true,"href":"https:\/\/c-iautomobile.ro\/en\/wp-json\/wp\/v2\/body_type?post=4794"},{"taxonomy":"fuel_type","embeddable":true,"href":"https:\/\/c-iautomobile.ro\/en\/wp-json\/wp\/v2\/fuel_type?post=4794"},{"taxonomy":"transmission","embeddable":true,"href":"https:\/\/c-iautomobile.ro\/en\/wp-json\/wp\/v2\/transmission?post=4794"},{"taxonomy":"drive_type","embeddable":true,"href":"https:\/\/c-iautomobile.ro\/en\/wp-json\/wp\/v2\/drive_type?post=4794"},{"taxonomy":"condition","embeddable":true,"href":"https:\/\/c-iautomobile.ro\/en\/wp-json\/wp\/v2\/condition?post=4794"},{"taxonomy":"engine_size","embeddable":true,"href":"https:\/\/c-iautomobile.ro\/en\/wp-json\/wp\/v2\/engine_size?post=4794"},{"taxonomy":"door","embeddable":true,"href":"https:\/\/c-iautomobile.ro\/en\/wp-json\/wp\/v2\/door?post=4794"},{"taxonomy":"cylinder","embeddable":true,"href":"https:\/\/c-iautomobile.ro\/en\/wp-json\/wp\/v2\/cylinder?post=4794"},{"taxonomy":"color","embeddable":true,"href":"https:\/\/c-iautomobile.ro\/en\/wp-json\/wp\/v2\/color?post=4794"},{"taxonomy":"features","embeddable":true,"href":"https:\/\/c-iautomobile.ro\/en\/wp-json\/wp\/v2\/features?post=4794"},{"taxonomy":"filters","embeddable":true,"href":"https:\/\/c-iautomobile.ro\/en\/wp-json\/wp\/v2\/filters?post=4794"},{"taxonomy":"labels","embeddable":true,"href":"https:\/\/c-iautomobile.ro\/en\/wp-json\/wp\/v2\/labels?post=4794"}],"curies":[{"name":"wp","href":"https:\/\/api.w.org\/{rel}","templated":true}]}}

<p>Mercedes-AMG GLE 43 4MATIC Coupe este o combinație între performanța AMG, luxul caracteristic Mercedes-Benz și un design distinct de SUV coupe. Acest model reprezintă o variantă sportivă, dar mai accesibilă decât frații săi cu motorizări V8, fiind perfect pentru cei care își doresc un echilibru între putere, confort și tehnologie de ultimă generație.</p>
<ul>
<li>vopsea exterioara Manufaktur Alb Diamant</li>
<li>interior piele neagra</li>
<li>sistem adaptiv de amortizare plus (ADS+)</li>
<li>pachet integrare smartphone -carplay si androiauto</li>
<li>pilot automat cu pastrarea distantei intre autovehicule (distronic plus)</li>
<li>asistenta activa la parcare</li>
<li>asistent activ unghi mort</li>
<li>asistent pastrare banda de circulatie</li>
<li>oglinda interioara si exterioara cu sistem automat antiorbire</li>
<li>sistem avertizare coliziune spate</li>
<li>asistare transversala distronic plus (DTR+Q)</li>
<li>sistem asistenta franare plus</li>
<li>ornamente volan lemn</li>
<li>suport de pahare temperat</li>
<li>scaune fata climatizate</li>
<li>suspensie pneumatică adaptivă, care asigură un confort excelent și o dinamică superioară-AMG Ride Control</li>
<li>asistent recunoastere semne de circulatie</li>
<li>scaune fata reglabile electric</li>
<li>capitonaj plafon interior microfibra</li>
<li>asistent activare faza lunga</li>
<li>praguri laterale</li>
<li>pachet iluminare interior</li>
<li>TVA DEDUCTIBIL</li>
</ul>

<!-- This site is optimized with the Yoast SEO plugin v26.5 - https://yoast.com/wordpress/plugins/seo/ -->
<title>Mercedes-Benz GLE 43 AMG - automobile</title>
<meta name="robots" content="index, follow, max-snippet:-1, max-image-preview:large, max-video-preview:-1" />
<link rel="canonical" href="https://c-iautomobile.ro/en/cars/mercedes-benz-gle-43-amg-2/" />
<meta property="og:locale" content="en_US" />
<meta property="og:type" content="article" />
<meta property="og:title" content="Mercedes-Benz GLE 43 AMG - automobile" />
<meta property="og:description" content="Mercedes-AMG GLE 43 4MATIC Coupe este o combinație între performanța AMG, luxul caracteristic Mercedes-Benz și un design distinct de SUV coupe. Acest model reprezintă o variantă sportivă, dar mai accesibilă decât frații săi cu motorizări V8, fiind perfect pentru cei care își doresc un echilibru între putere, confort și tehnologie de ultimă generație. vopsea exterioara [&hellip;]" />
<meta property="og:url" content="https://c-iautomobile.ro/en/cars/mercedes-benz-gle-43-amg-2/" />
<meta property="og:site_name" content="automobile" />
<meta property="article:modified_time" content="2025-01-22T09:39:07+00:00" />
<meta property="og:image" content="https://c-iautomobile.ro/wp-content/uploads/2025/01/1-1-scaled.jpg" />
	<meta property="og:image:width" content="2560" />
	<meta property="og:image:height" content="1430" />
	<meta property="og:image:type" content="image/jpeg" />
<meta name="twitter:card" content="summary_large_image" />
<meta name="twitter:label1" content="Est. reading time" />
	<meta name="twitter:data1" content="1 minute" />
<script type="application/ld+json" class="yoast-schema-graph">{"@context":"https://schema.org","@graph":[{"@type":"WebPage","@id":"https://c-iautomobile.ro/en/cars/mercedes-benz-gle-43-amg-2/","url":"https://c-iautomobile.ro/en/cars/mercedes-benz-gle-43-amg-2/","name":"Mercedes-Benz GLE 43 AMG - automobile","isPartOf":{"@id":"https://c-iautomobile.ro/en/#website"},"primaryImageOfPage":{"@id":"https://c-iautomobile.ro/en/cars/mercedes-benz-gle-43-amg-2/#primaryimage"},"image":{"@id":"https://c-iautomobile.ro/en/cars/mercedes-benz-gle-43-amg-2/#primaryimage"},"thumbnailUrl":"https://c-iautomobile.ro/wp-content/uploads/2025/01/1-1-scaled.jpg","datePublished":"2025-01-14T07:50:19+00:00","dateModified":"2025-01-22T09:39:07+00:00","breadcrumb":{"@id":"https://c-iautomobile.ro/en/cars/mercedes-benz-gle-43-amg-2/#breadcrumb"},"inLanguage":"en-US","potentialAction":[{"@type":"ReadAction","target":["https://c-iautomobile.ro/en/cars/mercedes-benz-gle-43-amg-2/"]}]},{"@type":"ImageObject","inLanguage":"en-US","@id":"https://c-iautomobile.ro/en/cars/mercedes-benz-gle-43-amg-2/#primaryimage","url":"https://c-iautomobile.ro/wp-content/uploads/2025/01/1-1-scaled.jpg","contentUrl":"https://c-iautomobile.ro/wp-content/uploads/2025/01/1-1-scaled.jpg","width":2560,"height":1430},{"@type":"BreadcrumbList","@id":"https://c-iautomobile.ro/en/cars/mercedes-benz-gle-43-amg-2/#breadcrumb","itemListElement":[{"@type":"ListItem","position":1,"name":"Home","item":"https://c-iautomobile.ro/en/"},{"@type":"ListItem","position":2,"name":"Cars","item":"https://c-iautomobile.ro/en/cars/"},{"@type":"ListItem","position":3,"name":"Mercedes-Benz GLE 43 AMG"}]},{"@type":"WebSite","@id":"https://c-iautomobile.ro/en/#website","url":"https://c-iautomobile.ro/en/","name":"automobile","description":"","potentialAction":[{"@type":"SearchAction","target":{"@type":"EntryPoint","urlTemplate":"https://c-iautomobile.ro/en/?s={search_term_string}"},"query-input":{"@type":"PropertyValueSpecification","valueRequired":true,"valueName":"search_term_string"}}],"inLanguage":"en-US"}]}</script>
<!-- / Yoast SEO plugin. -->

Mercedes-AMG GLE 43 4MATIC Coupe este o combinație între performanța AMG, luxul caracteristic Mercedes-Benz și un design distinct de SUV coupe. Acest model reprezintă o variantă sportivă, dar mai accesibilă decât frații săi cu motorizări V8, fiind perfect pentru cei care își doresc un echilibru între putere, confort și tehnologie de ultimă generație. vopsea exterioara [&hellip;]
