{"id":4796,"date":"2025-01-14T07:52:19","date_gmt":"2025-01-14T07:52:19","guid":{"rendered":"https:\/\/c-iautomobile.ro\/cars\/volkswagen-caravelle-t6-1-2-0-tdi-abt-bulli\/"},"modified":"2025-02-12T11:46:17","modified_gmt":"2025-02-12T11:46:17","slug":"volkswagen-caravelle-t6-1-2-0-tdi-abt-bulli","status":"publish","type":"cars","link":"https:\/\/c-iautomobile.ro\/en\/cars\/volkswagen-caravelle-t6-1-2-0-tdi-abt-bulli\/","title":{"rendered":"Volkswagen Caravelle T6.1 2.0 TDI ABT Bulli"},"content":{"rendered":"<ul>\n<li>Volkswagen Multivan ABT Bulli este o versiune special\u0103 \u0219i sportiv\u0103 a popularului VW Multivan, dezvoltat\u0103 \u00een colaborare cu ABT Sportsline, renumit\u0103 pentru tuning-ul vehiculelor grupului Volkswagen. Acest model combin\u0103 designul clasic al unui vehicul utilitar cu \u00eembun\u0103t\u0103\u021biri de performan\u021b\u0103, confort \u0219i stil, adres\u00e2ndu-se celor care doresc un vehicul spa\u021bios \u0219i versatil, dar cu o not\u0103 dinamic\u0103 \u0219i exclusivist\u0103.<\/li>\n<li>Vine echipat cu cutie automat\u0103 DSG cu 7 trepte pentru schimb\u0103ri line \u0219i eficiente<\/li>\n<li>Disponibil\u0103 cu trac\u021biune integral\u0103 4MOTION, ideal\u0103 pentru diferite tipuri de drumuri \u0219i condi\u021bii meteo<\/li>\n<li>Pachetul sport ABT contine :<\/li>\n<li>Bara frontal\u0103 \u0219i spatele sunt dotate cu accente sportive specifice ABT, incluz\u00e2nd spoilere \u0219i difuzoare de aer<\/li>\n<li>Jante din aliaj ABT de 20 de inci, oferind un aspect agresiv \u0219i modern<\/li>\n<li>Praguri laterale<\/li>\n<li>Faruri LED de \u00eenalt\u0103 performan\u021b\u0103 \u0219i lumini de zi integrate pentru un aspect sofisticat<\/li>\n<li>Interior modular, cu scaune individuale care pot fi reglate, rotite sau rabatate, \u0219i un sistem de \u0219ine pentru ajustarea banchetelor<\/li>\n<li>Dotata cu masuta multifunctionala reglabila pe inaltime<\/li>\n<li>Clima spate<\/li>\n<li>Sistem divertisment pentru locurile din spate-include consola Playstation 5 cu doua controlere ,display multifunctional,Netflix,internet Max,etc<\/li>\n<li>Suport 4 biciclete<\/li>\n<li>Volan sport multifunctional cu comenzi<\/li>\n<li>Pilot automat cu functie de franare<\/li>\n<li>Parbriz cu sticla izolanta si incalzire<\/li>\n<li>Actionare electrica usi stanga\/dreapta<\/li>\n<li>Actionare electrica hayon<\/li>\n<li>Instalatie de incalzire stationara cu telecomada<\/li>\n<li>Asistent schimbare banda de rulare<\/li>\n<li>Asistent faza lunga<\/li>\n<li>Faruri cu reglaj dinamic<\/li>\n<li>Sunet premium DYNAUDIO<\/li>\n<\/ul>\n","protected":false},"featured_media":4736,"template":"","mark_model":[272],"yearauto":[49],"body_type":[],"fuel_type":[],"transmission":[],"drive_type":[],"condition":[],"engine_size":[473],"door":[98],"cylinder":[],"color":[],"features":[],"filters":[],"labels":[],"class_list":["post-4796","cars","type-cars","status-publish","has-post-thumbnail","hentry","mark_model-volkswagen","yearauto-49","engine_size-1968-ro","door-hatchback"],"acf":[],"yoast_head":"<!-- This site is optimized with the Yoast SEO plugin v26.5 - https:\/\/yoast.com\/wordpress\/plugins\/seo\/ -->\n<title>Volkswagen Caravelle T6.1 2.0 TDI ABT Bulli - automobile<\/title>\n<meta name=\"robots\" content=\"index, follow, max-snippet:-1, max-image-preview:large, max-video-preview:-1\" \/>\n<link rel=\"canonical\" href=\"https:\/\/c-iautomobile.ro\/en\/cars\/volkswagen-caravelle-t6-1-2-0-tdi-abt-bulli\/\" \/>\n<meta property=\"og:locale\" content=\"en_US\" \/>\n<meta property=\"og:type\" content=\"article\" \/>\n<meta property=\"og:title\" content=\"Volkswagen Caravelle T6.1 2.0 TDI ABT Bulli - automobile\" \/>\n<meta property=\"og:description\" content=\"Volkswagen Multivan ABT Bulli este o versiune special\u0103 \u0219i sportiv\u0103 a popularului VW Multivan, dezvoltat\u0103 \u00een colaborare cu ABT Sportsline, renumit\u0103 pentru tuning-ul vehiculelor grupului Volkswagen. Acest model combin\u0103 designul clasic al unui vehicul utilitar cu \u00eembun\u0103t\u0103\u021biri de performan\u021b\u0103, confort \u0219i stil, adres\u00e2ndu-se celor care doresc un vehicul spa\u021bios \u0219i versatil, dar cu o not\u0103 [&hellip;]\" \/>\n<meta property=\"og:url\" content=\"https:\/\/c-iautomobile.ro\/en\/cars\/volkswagen-caravelle-t6-1-2-0-tdi-abt-bulli\/\" \/>\n<meta property=\"og:site_name\" content=\"automobile\" \/>\n<meta property=\"article:modified_time\" content=\"2025-02-12T11:46:17+00:00\" \/>\n<meta property=\"og:image\" content=\"https:\/\/c-iautomobile.ro\/wp-content\/uploads\/2025\/01\/25-scaled.jpg\" \/>\n\t<meta property=\"og:image:width\" content=\"2560\" \/>\n\t<meta property=\"og:image:height\" content=\"1440\" \/>\n\t<meta property=\"og:image:type\" content=\"image\/jpeg\" \/>\n<meta name=\"twitter:card\" content=\"summary_large_image\" \/>\n<meta name=\"twitter:label1\" content=\"Est. reading time\" \/>\n\t<meta name=\"twitter:data1\" content=\"2 minutes\" \/>\n<script type=\"application\/ld+json\" class=\"yoast-schema-graph\">{\"@context\":\"https:\/\/schema.org\",\"@graph\":[{\"@type\":\"WebPage\",\"@id\":\"https:\/\/c-iautomobile.ro\/en\/cars\/volkswagen-caravelle-t6-1-2-0-tdi-abt-bulli\/\",\"url\":\"https:\/\/c-iautomobile.ro\/en\/cars\/volkswagen-caravelle-t6-1-2-0-tdi-abt-bulli\/\",\"name\":\"Volkswagen Caravelle T6.1 2.0 TDI ABT Bulli - automobile\",\"isPartOf\":{\"@id\":\"https:\/\/c-iautomobile.ro\/en\/#website\"},\"primaryImageOfPage\":{\"@id\":\"https:\/\/c-iautomobile.ro\/en\/cars\/volkswagen-caravelle-t6-1-2-0-tdi-abt-bulli\/#primaryimage\"},\"image\":{\"@id\":\"https:\/\/c-iautomobile.ro\/en\/cars\/volkswagen-caravelle-t6-1-2-0-tdi-abt-bulli\/#primaryimage\"},\"thumbnailUrl\":\"https:\/\/c-iautomobile.ro\/wp-content\/uploads\/2025\/01\/25-scaled.jpg\",\"datePublished\":\"2025-01-14T07:52:19+00:00\",\"dateModified\":\"2025-02-12T11:46:17+00:00\",\"breadcrumb\":{\"@id\":\"https:\/\/c-iautomobile.ro\/en\/cars\/volkswagen-caravelle-t6-1-2-0-tdi-abt-bulli\/#breadcrumb\"},\"inLanguage\":\"en-US\",\"potentialAction\":[{\"@type\":\"ReadAction\",\"target\":[\"https:\/\/c-iautomobile.ro\/en\/cars\/volkswagen-caravelle-t6-1-2-0-tdi-abt-bulli\/\"]}]},{\"@type\":\"ImageObject\",\"inLanguage\":\"en-US\",\"@id\":\"https:\/\/c-iautomobile.ro\/en\/cars\/volkswagen-caravelle-t6-1-2-0-tdi-abt-bulli\/#primaryimage\",\"url\":\"https:\/\/c-iautomobile.ro\/wp-content\/uploads\/2025\/01\/25-scaled.jpg\",\"contentUrl\":\"https:\/\/c-iautomobile.ro\/wp-content\/uploads\/2025\/01\/25-scaled.jpg\",\"width\":2560,\"height\":1440},{\"@type\":\"BreadcrumbList\",\"@id\":\"https:\/\/c-iautomobile.ro\/en\/cars\/volkswagen-caravelle-t6-1-2-0-tdi-abt-bulli\/#breadcrumb\",\"itemListElement\":[{\"@type\":\"ListItem\",\"position\":1,\"name\":\"Home\",\"item\":\"https:\/\/c-iautomobile.ro\/en\/\"},{\"@type\":\"ListItem\",\"position\":2,\"name\":\"Cars\",\"item\":\"https:\/\/c-iautomobile.ro\/en\/cars\/\"},{\"@type\":\"ListItem\",\"position\":3,\"name\":\"Volkswagen Caravelle T6.1 2.0 TDI ABT Bulli\"}]},{\"@type\":\"WebSite\",\"@id\":\"https:\/\/c-iautomobile.ro\/en\/#website\",\"url\":\"https:\/\/c-iautomobile.ro\/en\/\",\"name\":\"automobile\",\"description\":\"\",\"potentialAction\":[{\"@type\":\"SearchAction\",\"target\":{\"@type\":\"EntryPoint\",\"urlTemplate\":\"https:\/\/c-iautomobile.ro\/en\/?s={search_term_string}\"},\"query-input\":{\"@type\":\"PropertyValueSpecification\",\"valueRequired\":true,\"valueName\":\"search_term_string\"}}],\"inLanguage\":\"en-US\"}]}<\/script>\n<!-- \/ Yoast SEO plugin. -->","yoast_head_json":{"title":"Volkswagen Caravelle T6.1 2.0 TDI ABT Bulli - automobile","robots":{"index":"index","follow":"follow","max-snippet":"max-snippet:-1","max-image-preview":"max-image-preview:large","max-video-preview":"max-video-preview:-1"},"canonical":"https:\/\/c-iautomobile.ro\/en\/cars\/volkswagen-caravelle-t6-1-2-0-tdi-abt-bulli\/","og_locale":"en_US","og_type":"article","og_title":"Volkswagen Caravelle T6.1 2.0 TDI ABT Bulli - automobile","og_description":"Volkswagen Multivan ABT Bulli este o versiune special\u0103 \u0219i sportiv\u0103 a popularului VW Multivan, dezvoltat\u0103 \u00een colaborare cu ABT Sportsline, renumit\u0103 pentru tuning-ul vehiculelor grupului Volkswagen. Acest model combin\u0103 designul clasic al unui vehicul utilitar cu \u00eembun\u0103t\u0103\u021biri de performan\u021b\u0103, confort \u0219i stil, adres\u00e2ndu-se celor care doresc un vehicul spa\u021bios \u0219i versatil, dar cu o not\u0103 [&hellip;]","og_url":"https:\/\/c-iautomobile.ro\/en\/cars\/volkswagen-caravelle-t6-1-2-0-tdi-abt-bulli\/","og_site_name":"automobile","article_modified_time":"2025-02-12T11:46:17+00:00","og_image":[{"width":2560,"height":1440,"url":"https:\/\/c-iautomobile.ro\/wp-content\/uploads\/2025\/01\/25-scaled.jpg","type":"image\/jpeg"}],"twitter_card":"summary_large_image","twitter_misc":{"Est. reading time":"2 minutes"},"schema":{"@context":"https:\/\/schema.org","@graph":[{"@type":"WebPage","@id":"https:\/\/c-iautomobile.ro\/en\/cars\/volkswagen-caravelle-t6-1-2-0-tdi-abt-bulli\/","url":"https:\/\/c-iautomobile.ro\/en\/cars\/volkswagen-caravelle-t6-1-2-0-tdi-abt-bulli\/","name":"Volkswagen Caravelle T6.1 2.0 TDI ABT Bulli - automobile","isPartOf":{"@id":"https:\/\/c-iautomobile.ro\/en\/#website"},"primaryImageOfPage":{"@id":"https:\/\/c-iautomobile.ro\/en\/cars\/volkswagen-caravelle-t6-1-2-0-tdi-abt-bulli\/#primaryimage"},"image":{"@id":"https:\/\/c-iautomobile.ro\/en\/cars\/volkswagen-caravelle-t6-1-2-0-tdi-abt-bulli\/#primaryimage"},"thumbnailUrl":"https:\/\/c-iautomobile.ro\/wp-content\/uploads\/2025\/01\/25-scaled.jpg","datePublished":"2025-01-14T07:52:19+00:00","dateModified":"2025-02-12T11:46:17+00:00","breadcrumb":{"@id":"https:\/\/c-iautomobile.ro\/en\/cars\/volkswagen-caravelle-t6-1-2-0-tdi-abt-bulli\/#breadcrumb"},"inLanguage":"en-US","potentialAction":[{"@type":"ReadAction","target":["https:\/\/c-iautomobile.ro\/en\/cars\/volkswagen-caravelle-t6-1-2-0-tdi-abt-bulli\/"]}]},{"@type":"ImageObject","inLanguage":"en-US","@id":"https:\/\/c-iautomobile.ro\/en\/cars\/volkswagen-caravelle-t6-1-2-0-tdi-abt-bulli\/#primaryimage","url":"https:\/\/c-iautomobile.ro\/wp-content\/uploads\/2025\/01\/25-scaled.jpg","contentUrl":"https:\/\/c-iautomobile.ro\/wp-content\/uploads\/2025\/01\/25-scaled.jpg","width":2560,"height":1440},{"@type":"BreadcrumbList","@id":"https:\/\/c-iautomobile.ro\/en\/cars\/volkswagen-caravelle-t6-1-2-0-tdi-abt-bulli\/#breadcrumb","itemListElement":[{"@type":"ListItem","position":1,"name":"Home","item":"https:\/\/c-iautomobile.ro\/en\/"},{"@type":"ListItem","position":2,"name":"Cars","item":"https:\/\/c-iautomobile.ro\/en\/cars\/"},{"@type":"ListItem","position":3,"name":"Volkswagen Caravelle T6.1 2.0 TDI ABT Bulli"}]},{"@type":"WebSite","@id":"https:\/\/c-iautomobile.ro\/en\/#website","url":"https:\/\/c-iautomobile.ro\/en\/","name":"automobile","description":"","potentialAction":[{"@type":"SearchAction","target":{"@type":"EntryPoint","urlTemplate":"https:\/\/c-iautomobile.ro\/en\/?s={search_term_string}"},"query-input":{"@type":"PropertyValueSpecification","valueRequired":true,"valueName":"search_term_string"}}],"inLanguage":"en-US"}]}},"_links":{"self":[{"href":"https:\/\/c-iautomobile.ro\/en\/wp-json\/wp\/v2\/cars\/4796","targetHints":{"allow":["GET"]}}],"collection":[{"href":"https:\/\/c-iautomobile.ro\/en\/wp-json\/wp\/v2\/cars"}],"about":[{"href":"https:\/\/c-iautomobile.ro\/en\/wp-json\/wp\/v2\/types\/cars"}],"wp:featuredmedia":[{"embeddable":true,"href":"https:\/\/c-iautomobile.ro\/en\/wp-json\/wp\/v2\/media\/4736"}],"wp:attachment":[{"href":"https:\/\/c-iautomobile.ro\/en\/wp-json\/wp\/v2\/media?parent=4796"}],"wp:term":[{"taxonomy":"mark_model","embeddable":true,"href":"https:\/\/c-iautomobile.ro\/en\/wp-json\/wp\/v2\/mark_model?post=4796"},{"taxonomy":"yearauto","embeddable":true,"href":"https:\/\/c-iautomobile.ro\/en\/wp-json\/wp\/v2\/yearauto?post=4796"},{"taxonomy":"body_type","embeddable":true,"href":"https:\/\/c-iautomobile.ro\/en\/wp-json\/wp\/v2\/body_type?post=4796"},{"taxonomy":"fuel_type","embeddable":true,"href":"https:\/\/c-iautomobile.ro\/en\/wp-json\/wp\/v2\/fuel_type?post=4796"},{"taxonomy":"transmission","embeddable":true,"href":"https:\/\/c-iautomobile.ro\/en\/wp-json\/wp\/v2\/transmission?post=4796"},{"taxonomy":"drive_type","embeddable":true,"href":"https:\/\/c-iautomobile.ro\/en\/wp-json\/wp\/v2\/drive_type?post=4796"},{"taxonomy":"condition","embeddable":true,"href":"https:\/\/c-iautomobile.ro\/en\/wp-json\/wp\/v2\/condition?post=4796"},{"taxonomy":"engine_size","embeddable":true,"href":"https:\/\/c-iautomobile.ro\/en\/wp-json\/wp\/v2\/engine_size?post=4796"},{"taxonomy":"door","embeddable":true,"href":"https:\/\/c-iautomobile.ro\/en\/wp-json\/wp\/v2\/door?post=4796"},{"taxonomy":"cylinder","embeddable":true,"href":"https:\/\/c-iautomobile.ro\/en\/wp-json\/wp\/v2\/cylinder?post=4796"},{"taxonomy":"color","embeddable":true,"href":"https:\/\/c-iautomobile.ro\/en\/wp-json\/wp\/v2\/color?post=4796"},{"taxonomy":"features","embeddable":true,"href":"https:\/\/c-iautomobile.ro\/en\/wp-json\/wp\/v2\/features?post=4796"},{"taxonomy":"filters","embeddable":true,"href":"https:\/\/c-iautomobile.ro\/en\/wp-json\/wp\/v2\/filters?post=4796"},{"taxonomy":"labels","embeddable":true,"href":"https:\/\/c-iautomobile.ro\/en\/wp-json\/wp\/v2\/labels?post=4796"}],"curies":[{"name":"wp","href":"https:\/\/api.w.org\/{rel}","templated":true}]}}

<ul>
<li>Volkswagen Multivan ABT Bulli este o versiune specială și sportivă a popularului VW Multivan, dezvoltată în colaborare cu ABT Sportsline, renumită pentru tuning-ul vehiculelor grupului Volkswagen. Acest model combină designul clasic al unui vehicul utilitar cu îmbunătățiri de performanță, confort și stil, adresându-se celor care doresc un vehicul spațios și versatil, dar cu o notă dinamică și exclusivistă.</li>
<li>Vine echipat cu cutie automată DSG cu 7 trepte pentru schimbări line și eficiente</li>
<li>Disponibilă cu tracțiune integrală 4MOTION, ideală pentru diferite tipuri de drumuri și condiții meteo</li>
<li>Pachetul sport ABT contine :</li>
<li>Bara frontală și spatele sunt dotate cu accente sportive specifice ABT, incluzând spoilere și difuzoare de aer</li>
<li>Jante din aliaj ABT de 20 de inci, oferind un aspect agresiv și modern</li>
<li>Praguri laterale</li>
<li>Faruri LED de înaltă performanță și lumini de zi integrate pentru un aspect sofisticat</li>
<li>Interior modular, cu scaune individuale care pot fi reglate, rotite sau rabatate, și un sistem de șine pentru ajustarea banchetelor</li>
<li>Dotata cu masuta multifunctionala reglabila pe inaltime</li>
<li>Clima spate</li>
<li>Sistem divertisment pentru locurile din spate-include consola Playstation 5 cu doua controlere ,display multifunctional,Netflix,internet Max,etc</li>
<li>Suport 4 biciclete</li>
<li>Volan sport multifunctional cu comenzi</li>
<li>Pilot automat cu functie de franare</li>
<li>Parbriz cu sticla izolanta si incalzire</li>
<li>Actionare electrica usi stanga/dreapta</li>
<li>Actionare electrica hayon</li>
<li>Instalatie de incalzire stationara cu telecomada</li>
<li>Asistent schimbare banda de rulare</li>
<li>Asistent faza lunga</li>
<li>Faruri cu reglaj dinamic</li>
<li>Sunet premium DYNAUDIO</li>
</ul>

<!-- This site is optimized with the Yoast SEO plugin v26.5 - https://yoast.com/wordpress/plugins/seo/ -->
<title>Volkswagen Caravelle T6.1 2.0 TDI ABT Bulli - automobile</title>
<meta name="robots" content="index, follow, max-snippet:-1, max-image-preview:large, max-video-preview:-1" />
<link rel="canonical" href="https://c-iautomobile.ro/en/cars/volkswagen-caravelle-t6-1-2-0-tdi-abt-bulli/" />
<meta property="og:locale" content="en_US" />
<meta property="og:type" content="article" />
<meta property="og:title" content="Volkswagen Caravelle T6.1 2.0 TDI ABT Bulli - automobile" />
<meta property="og:description" content="Volkswagen Multivan ABT Bulli este o versiune specială și sportivă a popularului VW Multivan, dezvoltată în colaborare cu ABT Sportsline, renumită pentru tuning-ul vehiculelor grupului Volkswagen. Acest model combină designul clasic al unui vehicul utilitar cu îmbunătățiri de performanță, confort și stil, adresându-se celor care doresc un vehicul spațios și versatil, dar cu o notă [&hellip;]" />
<meta property="og:url" content="https://c-iautomobile.ro/en/cars/volkswagen-caravelle-t6-1-2-0-tdi-abt-bulli/" />
<meta property="og:site_name" content="automobile" />
<meta property="article:modified_time" content="2025-02-12T11:46:17+00:00" />
<meta property="og:image" content="https://c-iautomobile.ro/wp-content/uploads/2025/01/25-scaled.jpg" />
	<meta property="og:image:width" content="2560" />
	<meta property="og:image:height" content="1440" />
	<meta property="og:image:type" content="image/jpeg" />
<meta name="twitter:card" content="summary_large_image" />
<meta name="twitter:label1" content="Est. reading time" />
	<meta name="twitter:data1" content="2 minutes" />
<script type="application/ld+json" class="yoast-schema-graph">{"@context":"https://schema.org","@graph":[{"@type":"WebPage","@id":"https://c-iautomobile.ro/en/cars/volkswagen-caravelle-t6-1-2-0-tdi-abt-bulli/","url":"https://c-iautomobile.ro/en/cars/volkswagen-caravelle-t6-1-2-0-tdi-abt-bulli/","name":"Volkswagen Caravelle T6.1 2.0 TDI ABT Bulli - automobile","isPartOf":{"@id":"https://c-iautomobile.ro/en/#website"},"primaryImageOfPage":{"@id":"https://c-iautomobile.ro/en/cars/volkswagen-caravelle-t6-1-2-0-tdi-abt-bulli/#primaryimage"},"image":{"@id":"https://c-iautomobile.ro/en/cars/volkswagen-caravelle-t6-1-2-0-tdi-abt-bulli/#primaryimage"},"thumbnailUrl":"https://c-iautomobile.ro/wp-content/uploads/2025/01/25-scaled.jpg","datePublished":"2025-01-14T07:52:19+00:00","dateModified":"2025-02-12T11:46:17+00:00","breadcrumb":{"@id":"https://c-iautomobile.ro/en/cars/volkswagen-caravelle-t6-1-2-0-tdi-abt-bulli/#breadcrumb"},"inLanguage":"en-US","potentialAction":[{"@type":"ReadAction","target":["https://c-iautomobile.ro/en/cars/volkswagen-caravelle-t6-1-2-0-tdi-abt-bulli/"]}]},{"@type":"ImageObject","inLanguage":"en-US","@id":"https://c-iautomobile.ro/en/cars/volkswagen-caravelle-t6-1-2-0-tdi-abt-bulli/#primaryimage","url":"https://c-iautomobile.ro/wp-content/uploads/2025/01/25-scaled.jpg","contentUrl":"https://c-iautomobile.ro/wp-content/uploads/2025/01/25-scaled.jpg","width":2560,"height":1440},{"@type":"BreadcrumbList","@id":"https://c-iautomobile.ro/en/cars/volkswagen-caravelle-t6-1-2-0-tdi-abt-bulli/#breadcrumb","itemListElement":[{"@type":"ListItem","position":1,"name":"Home","item":"https://c-iautomobile.ro/en/"},{"@type":"ListItem","position":2,"name":"Cars","item":"https://c-iautomobile.ro/en/cars/"},{"@type":"ListItem","position":3,"name":"Volkswagen Caravelle T6.1 2.0 TDI ABT Bulli"}]},{"@type":"WebSite","@id":"https://c-iautomobile.ro/en/#website","url":"https://c-iautomobile.ro/en/","name":"automobile","description":"","potentialAction":[{"@type":"SearchAction","target":{"@type":"EntryPoint","urlTemplate":"https://c-iautomobile.ro/en/?s={search_term_string}"},"query-input":{"@type":"PropertyValueSpecification","valueRequired":true,"valueName":"search_term_string"}}],"inLanguage":"en-US"}]}</script>
<!-- / Yoast SEO plugin. -->

Volkswagen Multivan ABT Bulli este o versiune specială și sportivă a popularului VW Multivan, dezvoltată în colaborare cu ABT Sportsline, renumită pentru tuning-ul vehiculelor grupului Volkswagen. Acest model combină designul clasic al unui vehicul utilitar cu îmbunătățiri de performanță, confort și stil, adresându-se celor care doresc un vehicul spațios și versatil, dar cu o notă [&hellip;]
