{"id":6021,"date":"2025-07-18T08:23:36","date_gmt":"2025-07-18T08:23:36","guid":{"rendered":"https:\/\/c-iautomobile.ro\/cars\/mercedes-benz-c63-amg-cabrio-s-amg-edition-1-2\/"},"modified":"2025-07-18T08:23:59","modified_gmt":"2025-07-18T08:23:59","slug":"mercedes-benz-c63-amg-cabrio-s-amg-edition-1-2","status":"publish","type":"cars","link":"https:\/\/c-iautomobile.ro\/en\/cars\/mercedes-benz-c63-amg-cabrio-s-amg-edition-1-2\/","title":{"rendered":"Mercedes-Benz C63 AMG Cabrio S AMG Edition 1"},"content":{"rendered":"<p>Mercedes-Benz C 63 AMG S Limited Edition 1 of 150<\/p>\n<ul>\n<li>Mercedes-Benz C 63 AMG S Limited Edition &#8220;1 of 150&#8221; este o edi\u021bie extrem de rar\u0103 \u0219i exclusivist\u0103 a coupe-ului performant C 63 AMG S, lansat\u0103 pentru a celebra mo\u0219tenirea \u0219i ingineria de v\u00e2rf a brandului AMG. Cu doar 150 de unit\u0103\u021bi produse la nivel global, acest model combin\u0103 puterea brut\u0103 a unui motor V8 biturbo cu accente de design unice \u0219i dot\u0103ri premium<\/li>\n<li>Motor V8 biturbo de 4.0 litri, fabricat manual conform principiului AMG \u201eOne Man, One Engine.\u201d<\/li>\n<li>Transmisie automat\u0103 AMG SPEEDSHIFT MCT cu 7 trepte, pentru schimb\u0103ri rapide \u0219i precise<\/li>\n<li>Culoare exterioar\u0103 designo Magno Selenite Grey (gri mat)<\/li>\n<li>Pachet aerodinamic AMG<\/li>\n<li>Spoiler frontal, difuzor spate \u0219i praguri laterale optimizate aerodinamic, realizate din fibr\u0103 de carbon<\/li>\n<li>Pl\u0103cu\u021be \u201e1 of 150\u201d montate \u00een interior pentru a certifica autenticitatea \u0219i raritatea vehiculului<\/li>\n<li>Piele Nappa Semianilina<\/li>\n<li>Dinamic\u0103 de condus AMG &#8211; Sistem de suspensie AMG RIDE CONTROL -Suspensie adaptiv\u0103, ajustabil\u0103 \u00een modurile Comfort, Sport \u0219i Sport+<\/li>\n<li>Diferential autoblocant electronic-optimizeaz\u0103 trac\u021biunea \u00een viraje \u0219i accelera\u021biile puternice<\/li>\n<li>Sistem Dynamic Select AMG-Permite selectarea modurilor de condus: Comfort, Sport, Sport+, Race \u0219i Individual<\/li>\n<li>Fr\u00e2ne AMG de \u00eenalt\u0103 performan\u021b\u0103-Discuri ventilate, cu op\u021biune pentru fr\u00e2ne ceramice<\/li>\n<li>Distronic plus &#8211; pilot automat cu sistem de pastrare a distantei fata de vehiculul din fata<\/li>\n<li>Asistenta activa pentru unghi mort<\/li>\n<li>Scaune sofer si pasager climatizate (incalzire si ventilare) pentru confort maxim<\/li>\n<li>Sistem airscaf fata<\/li>\n<li>Asistent faza lunga<\/li>\n<li>Discuri ceramice<\/li>\n<li>TVA DEDUCTIBIL<\/li>\n<\/ul>\n","protected":false},"featured_media":5965,"template":"","mark_model":[504],"yearauto":[49],"body_type":[],"fuel_type":[],"transmission":[],"drive_type":[],"condition":[],"engine_size":[470],"door":[95],"cylinder":[],"color":[],"features":[],"filters":[],"labels":[],"class_list":["post-6021","cars","type-cars","status-publish","has-post-thumbnail","hentry","mark_model-c63-amg","yearauto-49","engine_size-3982-ro","door-3-doors"],"acf":[],"yoast_head":"<!-- This site is optimized with the Yoast SEO plugin v26.5 - https:\/\/yoast.com\/wordpress\/plugins\/seo\/ -->\n<title>Mercedes-Benz C63 AMG Cabrio S AMG Edition 1 - automobile<\/title>\n<meta name=\"robots\" content=\"index, follow, max-snippet:-1, max-image-preview:large, max-video-preview:-1\" \/>\n<link rel=\"canonical\" href=\"https:\/\/c-iautomobile.ro\/en\/cars\/mercedes-benz-c63-amg-cabrio-s-amg-edition-1-2\/\" \/>\n<meta property=\"og:locale\" content=\"en_US\" \/>\n<meta property=\"og:type\" content=\"article\" \/>\n<meta property=\"og:title\" content=\"Mercedes-Benz C63 AMG Cabrio S AMG Edition 1 - automobile\" \/>\n<meta property=\"og:description\" content=\"Mercedes-Benz C 63 AMG S Limited Edition 1 of 150 Mercedes-Benz C 63 AMG S Limited Edition &#8220;1 of 150&#8221; este o edi\u021bie extrem de rar\u0103 \u0219i exclusivist\u0103 a coupe-ului performant C 63 AMG S, lansat\u0103 pentru a celebra mo\u0219tenirea \u0219i ingineria de v\u00e2rf a brandului AMG. Cu doar 150 de unit\u0103\u021bi produse la nivel [&hellip;]\" \/>\n<meta property=\"og:url\" content=\"https:\/\/c-iautomobile.ro\/en\/cars\/mercedes-benz-c63-amg-cabrio-s-amg-edition-1-2\/\" \/>\n<meta property=\"og:site_name\" content=\"automobile\" \/>\n<meta property=\"article:modified_time\" content=\"2025-07-18T08:23:59+00:00\" \/>\n<meta property=\"og:image\" content=\"https:\/\/c-iautomobile.ro\/wp-content\/uploads\/2025\/05\/1-5-scaled.jpg\" \/>\n\t<meta property=\"og:image:width\" content=\"2560\" \/>\n\t<meta property=\"og:image:height\" content=\"1440\" \/>\n\t<meta property=\"og:image:type\" content=\"image\/jpeg\" \/>\n<meta name=\"twitter:card\" content=\"summary_large_image\" \/>\n<meta name=\"twitter:label1\" content=\"Est. reading time\" \/>\n\t<meta name=\"twitter:data1\" content=\"2 minutes\" \/>\n<script type=\"application\/ld+json\" class=\"yoast-schema-graph\">{\"@context\":\"https:\/\/schema.org\",\"@graph\":[{\"@type\":\"WebPage\",\"@id\":\"https:\/\/c-iautomobile.ro\/en\/cars\/mercedes-benz-c63-amg-cabrio-s-amg-edition-1-2\/\",\"url\":\"https:\/\/c-iautomobile.ro\/en\/cars\/mercedes-benz-c63-amg-cabrio-s-amg-edition-1-2\/\",\"name\":\"Mercedes-Benz C63 AMG Cabrio S AMG Edition 1 - automobile\",\"isPartOf\":{\"@id\":\"https:\/\/c-iautomobile.ro\/en\/#website\"},\"primaryImageOfPage\":{\"@id\":\"https:\/\/c-iautomobile.ro\/en\/cars\/mercedes-benz-c63-amg-cabrio-s-amg-edition-1-2\/#primaryimage\"},\"image\":{\"@id\":\"https:\/\/c-iautomobile.ro\/en\/cars\/mercedes-benz-c63-amg-cabrio-s-amg-edition-1-2\/#primaryimage\"},\"thumbnailUrl\":\"https:\/\/c-iautomobile.ro\/wp-content\/uploads\/2025\/05\/1-5-scaled.jpg\",\"datePublished\":\"2025-07-18T08:23:36+00:00\",\"dateModified\":\"2025-07-18T08:23:59+00:00\",\"breadcrumb\":{\"@id\":\"https:\/\/c-iautomobile.ro\/en\/cars\/mercedes-benz-c63-amg-cabrio-s-amg-edition-1-2\/#breadcrumb\"},\"inLanguage\":\"en-US\",\"potentialAction\":[{\"@type\":\"ReadAction\",\"target\":[\"https:\/\/c-iautomobile.ro\/en\/cars\/mercedes-benz-c63-amg-cabrio-s-amg-edition-1-2\/\"]}]},{\"@type\":\"ImageObject\",\"inLanguage\":\"en-US\",\"@id\":\"https:\/\/c-iautomobile.ro\/en\/cars\/mercedes-benz-c63-amg-cabrio-s-amg-edition-1-2\/#primaryimage\",\"url\":\"https:\/\/c-iautomobile.ro\/wp-content\/uploads\/2025\/05\/1-5-scaled.jpg\",\"contentUrl\":\"https:\/\/c-iautomobile.ro\/wp-content\/uploads\/2025\/05\/1-5-scaled.jpg\",\"width\":2560,\"height\":1440},{\"@type\":\"BreadcrumbList\",\"@id\":\"https:\/\/c-iautomobile.ro\/en\/cars\/mercedes-benz-c63-amg-cabrio-s-amg-edition-1-2\/#breadcrumb\",\"itemListElement\":[{\"@type\":\"ListItem\",\"position\":1,\"name\":\"Home\",\"item\":\"https:\/\/c-iautomobile.ro\/en\/\"},{\"@type\":\"ListItem\",\"position\":2,\"name\":\"Cars\",\"item\":\"https:\/\/c-iautomobile.ro\/en\/cars\/\"},{\"@type\":\"ListItem\",\"position\":3,\"name\":\"Mercedes-Benz C63 AMG Cabrio S AMG Edition 1\"}]},{\"@type\":\"WebSite\",\"@id\":\"https:\/\/c-iautomobile.ro\/en\/#website\",\"url\":\"https:\/\/c-iautomobile.ro\/en\/\",\"name\":\"automobile\",\"description\":\"\",\"potentialAction\":[{\"@type\":\"SearchAction\",\"target\":{\"@type\":\"EntryPoint\",\"urlTemplate\":\"https:\/\/c-iautomobile.ro\/en\/?s={search_term_string}\"},\"query-input\":{\"@type\":\"PropertyValueSpecification\",\"valueRequired\":true,\"valueName\":\"search_term_string\"}}],\"inLanguage\":\"en-US\"}]}<\/script>\n<!-- \/ Yoast SEO plugin. -->","yoast_head_json":{"title":"Mercedes-Benz C63 AMG Cabrio S AMG Edition 1 - automobile","robots":{"index":"index","follow":"follow","max-snippet":"max-snippet:-1","max-image-preview":"max-image-preview:large","max-video-preview":"max-video-preview:-1"},"canonical":"https:\/\/c-iautomobile.ro\/en\/cars\/mercedes-benz-c63-amg-cabrio-s-amg-edition-1-2\/","og_locale":"en_US","og_type":"article","og_title":"Mercedes-Benz C63 AMG Cabrio S AMG Edition 1 - automobile","og_description":"Mercedes-Benz C 63 AMG S Limited Edition 1 of 150 Mercedes-Benz C 63 AMG S Limited Edition &#8220;1 of 150&#8221; este o edi\u021bie extrem de rar\u0103 \u0219i exclusivist\u0103 a coupe-ului performant C 63 AMG S, lansat\u0103 pentru a celebra mo\u0219tenirea \u0219i ingineria de v\u00e2rf a brandului AMG. Cu doar 150 de unit\u0103\u021bi produse la nivel [&hellip;]","og_url":"https:\/\/c-iautomobile.ro\/en\/cars\/mercedes-benz-c63-amg-cabrio-s-amg-edition-1-2\/","og_site_name":"automobile","article_modified_time":"2025-07-18T08:23:59+00:00","og_image":[{"width":2560,"height":1440,"url":"https:\/\/c-iautomobile.ro\/wp-content\/uploads\/2025\/05\/1-5-scaled.jpg","type":"image\/jpeg"}],"twitter_card":"summary_large_image","twitter_misc":{"Est. reading time":"2 minutes"},"schema":{"@context":"https:\/\/schema.org","@graph":[{"@type":"WebPage","@id":"https:\/\/c-iautomobile.ro\/en\/cars\/mercedes-benz-c63-amg-cabrio-s-amg-edition-1-2\/","url":"https:\/\/c-iautomobile.ro\/en\/cars\/mercedes-benz-c63-amg-cabrio-s-amg-edition-1-2\/","name":"Mercedes-Benz C63 AMG Cabrio S AMG Edition 1 - automobile","isPartOf":{"@id":"https:\/\/c-iautomobile.ro\/en\/#website"},"primaryImageOfPage":{"@id":"https:\/\/c-iautomobile.ro\/en\/cars\/mercedes-benz-c63-amg-cabrio-s-amg-edition-1-2\/#primaryimage"},"image":{"@id":"https:\/\/c-iautomobile.ro\/en\/cars\/mercedes-benz-c63-amg-cabrio-s-amg-edition-1-2\/#primaryimage"},"thumbnailUrl":"https:\/\/c-iautomobile.ro\/wp-content\/uploads\/2025\/05\/1-5-scaled.jpg","datePublished":"2025-07-18T08:23:36+00:00","dateModified":"2025-07-18T08:23:59+00:00","breadcrumb":{"@id":"https:\/\/c-iautomobile.ro\/en\/cars\/mercedes-benz-c63-amg-cabrio-s-amg-edition-1-2\/#breadcrumb"},"inLanguage":"en-US","potentialAction":[{"@type":"ReadAction","target":["https:\/\/c-iautomobile.ro\/en\/cars\/mercedes-benz-c63-amg-cabrio-s-amg-edition-1-2\/"]}]},{"@type":"ImageObject","inLanguage":"en-US","@id":"https:\/\/c-iautomobile.ro\/en\/cars\/mercedes-benz-c63-amg-cabrio-s-amg-edition-1-2\/#primaryimage","url":"https:\/\/c-iautomobile.ro\/wp-content\/uploads\/2025\/05\/1-5-scaled.jpg","contentUrl":"https:\/\/c-iautomobile.ro\/wp-content\/uploads\/2025\/05\/1-5-scaled.jpg","width":2560,"height":1440},{"@type":"BreadcrumbList","@id":"https:\/\/c-iautomobile.ro\/en\/cars\/mercedes-benz-c63-amg-cabrio-s-amg-edition-1-2\/#breadcrumb","itemListElement":[{"@type":"ListItem","position":1,"name":"Home","item":"https:\/\/c-iautomobile.ro\/en\/"},{"@type":"ListItem","position":2,"name":"Cars","item":"https:\/\/c-iautomobile.ro\/en\/cars\/"},{"@type":"ListItem","position":3,"name":"Mercedes-Benz C63 AMG Cabrio S AMG Edition 1"}]},{"@type":"WebSite","@id":"https:\/\/c-iautomobile.ro\/en\/#website","url":"https:\/\/c-iautomobile.ro\/en\/","name":"automobile","description":"","potentialAction":[{"@type":"SearchAction","target":{"@type":"EntryPoint","urlTemplate":"https:\/\/c-iautomobile.ro\/en\/?s={search_term_string}"},"query-input":{"@type":"PropertyValueSpecification","valueRequired":true,"valueName":"search_term_string"}}],"inLanguage":"en-US"}]}},"_links":{"self":[{"href":"https:\/\/c-iautomobile.ro\/en\/wp-json\/wp\/v2\/cars\/6021","targetHints":{"allow":["GET"]}}],"collection":[{"href":"https:\/\/c-iautomobile.ro\/en\/wp-json\/wp\/v2\/cars"}],"about":[{"href":"https:\/\/c-iautomobile.ro\/en\/wp-json\/wp\/v2\/types\/cars"}],"wp:featuredmedia":[{"embeddable":true,"href":"https:\/\/c-iautomobile.ro\/en\/wp-json\/wp\/v2\/media\/5965"}],"wp:attachment":[{"href":"https:\/\/c-iautomobile.ro\/en\/wp-json\/wp\/v2\/media?parent=6021"}],"wp:term":[{"taxonomy":"mark_model","embeddable":true,"href":"https:\/\/c-iautomobile.ro\/en\/wp-json\/wp\/v2\/mark_model?post=6021"},{"taxonomy":"yearauto","embeddable":true,"href":"https:\/\/c-iautomobile.ro\/en\/wp-json\/wp\/v2\/yearauto?post=6021"},{"taxonomy":"body_type","embeddable":true,"href":"https:\/\/c-iautomobile.ro\/en\/wp-json\/wp\/v2\/body_type?post=6021"},{"taxonomy":"fuel_type","embeddable":true,"href":"https:\/\/c-iautomobile.ro\/en\/wp-json\/wp\/v2\/fuel_type?post=6021"},{"taxonomy":"transmission","embeddable":true,"href":"https:\/\/c-iautomobile.ro\/en\/wp-json\/wp\/v2\/transmission?post=6021"},{"taxonomy":"drive_type","embeddable":true,"href":"https:\/\/c-iautomobile.ro\/en\/wp-json\/wp\/v2\/drive_type?post=6021"},{"taxonomy":"condition","embeddable":true,"href":"https:\/\/c-iautomobile.ro\/en\/wp-json\/wp\/v2\/condition?post=6021"},{"taxonomy":"engine_size","embeddable":true,"href":"https:\/\/c-iautomobile.ro\/en\/wp-json\/wp\/v2\/engine_size?post=6021"},{"taxonomy":"door","embeddable":true,"href":"https:\/\/c-iautomobile.ro\/en\/wp-json\/wp\/v2\/door?post=6021"},{"taxonomy":"cylinder","embeddable":true,"href":"https:\/\/c-iautomobile.ro\/en\/wp-json\/wp\/v2\/cylinder?post=6021"},{"taxonomy":"color","embeddable":true,"href":"https:\/\/c-iautomobile.ro\/en\/wp-json\/wp\/v2\/color?post=6021"},{"taxonomy":"features","embeddable":true,"href":"https:\/\/c-iautomobile.ro\/en\/wp-json\/wp\/v2\/features?post=6021"},{"taxonomy":"filters","embeddable":true,"href":"https:\/\/c-iautomobile.ro\/en\/wp-json\/wp\/v2\/filters?post=6021"},{"taxonomy":"labels","embeddable":true,"href":"https:\/\/c-iautomobile.ro\/en\/wp-json\/wp\/v2\/labels?post=6021"}],"curies":[{"name":"wp","href":"https:\/\/api.w.org\/{rel}","templated":true}]}}

<p>Mercedes-Benz C 63 AMG S Limited Edition 1 of 150</p>
<ul>
<li>Mercedes-Benz C 63 AMG S Limited Edition &#8220;1 of 150&#8221; este o ediție extrem de rară și exclusivistă a coupe-ului performant C 63 AMG S, lansată pentru a celebra moștenirea și ingineria de vârf a brandului AMG. Cu doar 150 de unități produse la nivel global, acest model combină puterea brută a unui motor V8 biturbo cu accente de design unice și dotări premium</li>
<li>Motor V8 biturbo de 4.0 litri, fabricat manual conform principiului AMG „One Man, One Engine.”</li>
<li>Transmisie automată AMG SPEEDSHIFT MCT cu 7 trepte, pentru schimbări rapide și precise</li>
<li>Culoare exterioară designo Magno Selenite Grey (gri mat)</li>
<li>Pachet aerodinamic AMG</li>
<li>Spoiler frontal, difuzor spate și praguri laterale optimizate aerodinamic, realizate din fibră de carbon</li>
<li>Plăcuțe „1 of 150” montate în interior pentru a certifica autenticitatea și raritatea vehiculului</li>
<li>Piele Nappa Semianilina</li>
<li>Dinamică de condus AMG &#8211; Sistem de suspensie AMG RIDE CONTROL -Suspensie adaptivă, ajustabilă în modurile Comfort, Sport și Sport+</li>
<li>Diferential autoblocant electronic-optimizează tracțiunea în viraje și accelerațiile puternice</li>
<li>Sistem Dynamic Select AMG-Permite selectarea modurilor de condus: Comfort, Sport, Sport+, Race și Individual</li>
<li>Frâne AMG de înaltă performanță-Discuri ventilate, cu opțiune pentru frâne ceramice</li>
<li>Distronic plus &#8211; pilot automat cu sistem de pastrare a distantei fata de vehiculul din fata</li>
<li>Asistenta activa pentru unghi mort</li>
<li>Scaune sofer si pasager climatizate (incalzire si ventilare) pentru confort maxim</li>
<li>Sistem airscaf fata</li>
<li>Asistent faza lunga</li>
<li>Discuri ceramice</li>
<li>TVA DEDUCTIBIL</li>
</ul>

<!-- This site is optimized with the Yoast SEO plugin v26.5 - https://yoast.com/wordpress/plugins/seo/ -->
<title>Mercedes-Benz C63 AMG Cabrio S AMG Edition 1 - automobile</title>
<meta name="robots" content="index, follow, max-snippet:-1, max-image-preview:large, max-video-preview:-1" />
<link rel="canonical" href="https://c-iautomobile.ro/en/cars/mercedes-benz-c63-amg-cabrio-s-amg-edition-1-2/" />
<meta property="og:locale" content="en_US" />
<meta property="og:type" content="article" />
<meta property="og:title" content="Mercedes-Benz C63 AMG Cabrio S AMG Edition 1 - automobile" />
<meta property="og:description" content="Mercedes-Benz C 63 AMG S Limited Edition 1 of 150 Mercedes-Benz C 63 AMG S Limited Edition &#8220;1 of 150&#8221; este o ediție extrem de rară și exclusivistă a coupe-ului performant C 63 AMG S, lansată pentru a celebra moștenirea și ingineria de vârf a brandului AMG. Cu doar 150 de unități produse la nivel [&hellip;]" />
<meta property="og:url" content="https://c-iautomobile.ro/en/cars/mercedes-benz-c63-amg-cabrio-s-amg-edition-1-2/" />
<meta property="og:site_name" content="automobile" />
<meta property="article:modified_time" content="2025-07-18T08:23:59+00:00" />
<meta property="og:image" content="https://c-iautomobile.ro/wp-content/uploads/2025/05/1-5-scaled.jpg" />
	<meta property="og:image:width" content="2560" />
	<meta property="og:image:height" content="1440" />
	<meta property="og:image:type" content="image/jpeg" />
<meta name="twitter:card" content="summary_large_image" />
<meta name="twitter:label1" content="Est. reading time" />
	<meta name="twitter:data1" content="2 minutes" />
<script type="application/ld+json" class="yoast-schema-graph">{"@context":"https://schema.org","@graph":[{"@type":"WebPage","@id":"https://c-iautomobile.ro/en/cars/mercedes-benz-c63-amg-cabrio-s-amg-edition-1-2/","url":"https://c-iautomobile.ro/en/cars/mercedes-benz-c63-amg-cabrio-s-amg-edition-1-2/","name":"Mercedes-Benz C63 AMG Cabrio S AMG Edition 1 - automobile","isPartOf":{"@id":"https://c-iautomobile.ro/en/#website"},"primaryImageOfPage":{"@id":"https://c-iautomobile.ro/en/cars/mercedes-benz-c63-amg-cabrio-s-amg-edition-1-2/#primaryimage"},"image":{"@id":"https://c-iautomobile.ro/en/cars/mercedes-benz-c63-amg-cabrio-s-amg-edition-1-2/#primaryimage"},"thumbnailUrl":"https://c-iautomobile.ro/wp-content/uploads/2025/05/1-5-scaled.jpg","datePublished":"2025-07-18T08:23:36+00:00","dateModified":"2025-07-18T08:23:59+00:00","breadcrumb":{"@id":"https://c-iautomobile.ro/en/cars/mercedes-benz-c63-amg-cabrio-s-amg-edition-1-2/#breadcrumb"},"inLanguage":"en-US","potentialAction":[{"@type":"ReadAction","target":["https://c-iautomobile.ro/en/cars/mercedes-benz-c63-amg-cabrio-s-amg-edition-1-2/"]}]},{"@type":"ImageObject","inLanguage":"en-US","@id":"https://c-iautomobile.ro/en/cars/mercedes-benz-c63-amg-cabrio-s-amg-edition-1-2/#primaryimage","url":"https://c-iautomobile.ro/wp-content/uploads/2025/05/1-5-scaled.jpg","contentUrl":"https://c-iautomobile.ro/wp-content/uploads/2025/05/1-5-scaled.jpg","width":2560,"height":1440},{"@type":"BreadcrumbList","@id":"https://c-iautomobile.ro/en/cars/mercedes-benz-c63-amg-cabrio-s-amg-edition-1-2/#breadcrumb","itemListElement":[{"@type":"ListItem","position":1,"name":"Home","item":"https://c-iautomobile.ro/en/"},{"@type":"ListItem","position":2,"name":"Cars","item":"https://c-iautomobile.ro/en/cars/"},{"@type":"ListItem","position":3,"name":"Mercedes-Benz C63 AMG Cabrio S AMG Edition 1"}]},{"@type":"WebSite","@id":"https://c-iautomobile.ro/en/#website","url":"https://c-iautomobile.ro/en/","name":"automobile","description":"","potentialAction":[{"@type":"SearchAction","target":{"@type":"EntryPoint","urlTemplate":"https://c-iautomobile.ro/en/?s={search_term_string}"},"query-input":{"@type":"PropertyValueSpecification","valueRequired":true,"valueName":"search_term_string"}}],"inLanguage":"en-US"}]}</script>
<!-- / Yoast SEO plugin. -->

Mercedes-Benz C 63 AMG S Limited Edition 1 of 150 Mercedes-Benz C 63 AMG S Limited Edition &#8220;1 of 150&#8221; este o ediție extrem de rară și exclusivistă a coupe-ului performant C 63 AMG S, lansată pentru a celebra moștenirea și ingineria de vârf a brandului AMG. Cu doar 150 de unități produse la nivel [&hellip;]
