{"id":6817,"date":"2025-10-07T09:32:51","date_gmt":"2025-10-07T09:32:51","guid":{"rendered":"https:\/\/c-iautomobile.ro\/?post_type=cars&#038;p=6817"},"modified":"2025-10-07T09:32:51","modified_gmt":"2025-10-07T09:32:51","slug":"bmw-m5","status":"publish","type":"cars","link":"https:\/\/c-iautomobile.ro\/en\/cars\/bmw-m5\/","title":{"rendered":"BMW M5"},"content":{"rendered":"<ul>\n<li>CESIUNE LEASING &#8211; AVANS 50000 EURO<\/li>\n<li>55 RATE X 1500 EURO<\/li>\n<li>Verde Isle of Man metalizat M<\/li>\n<li>Jante M din aliaj usor Double spoke de 20&#8243;\/21&#8243;, tip 951 M, anvelope mixte<\/li>\n<li>BMW IconicSounds Electric<\/li>\n<li>Piele Merino extinsa Portocaliu Kyalami\/Negru<\/li>\n<li>Ornamente interioare M cu accente de fibra de carbon in combinatie cu nuante argintii<\/li>\n<li>Cablu de \u00eenc\u0103rcare (Mod 3) pentru \u00eenc\u0103rcare public\u0103<\/li>\n<li>Sistem de alarma<\/li>\n<li>Plafon panoramic din sticla<\/li>\n<li>Incarcare rapida AC<\/li>\n<li>Iluminare ambientala<\/li>\n<li>Sistem de acces Confort<\/li>\n<li>Volan incalzit<\/li>\n<li>Capitonaj plafon Alcantara antracit cu continut extins<\/li>\n<li>Centuri de siguranta M<\/li>\n<li>Ornamente Shadow Line<\/li>\n<li>Ornamente Shadow Line cu continut extins<\/li>\n<li>Protectie acustica pentru pietoni<\/li>\n<li>Monitorizare presiune anvelope<\/li>\n<li>Ornamente lumini BMW individual Shadow line<\/li>\n<li>Pachet exterior BMW Iconic Glow<\/li>\n<li>Faruri adaptive LED<\/li>\n<li>Aer conditionat automat cu 4 zone<\/li>\n<li>Geamuri fumurii spate<\/li>\n<li>Driving Assistant<\/li>\n<li>Sistem de asistenta Plus<\/li>\n<li>Scaune fata reglabile electric cu memorie pentru scaunul conducatorului auto<\/li>\n<li>Scaune M multifunctionale fata<\/li>\n<li>Connected Package Professional<\/li>\n<li>Teleservices<\/li>\n<li>Servicii BMW ConnectedDrive<\/li>\n<li>Tava incarcare wireless<\/li>\n<li>BMW Live Cockpit Professional<\/li>\n<li>Sistem audio surround Bowers&amp;Wilkins<\/li>\n<li>DAB tuner<\/li>\n<li>M Drive Professional<\/li>\n<li>Personal eSIM<\/li>\n<li>Parking Assistant Professional<\/li>\n<li>Service Inclusive &#8211; 5 ani\/80,000km<\/li>\n<li>Interior camera<\/li>\n<li>CESIONARE LEASING AVANS 50000 EURO TVA INCLUS<\/li>\n<li>55 RATE X1500 EURO TVA INCLUS<\/li>\n<\/ul>\n","protected":false},"featured_media":6818,"template":"","mark_model":[553],"yearauto":[57],"body_type":[58],"fuel_type":[67],"transmission":[71],"drive_type":[147],"condition":[],"engine_size":[],"door":[],"cylinder":[],"color":[],"features":[],"filters":[],"labels":[294],"class_list":["post-6817","cars","type-cars","status-publish","has-post-thumbnail","hentry","mark_model-m5","yearauto-57","body_type-sedan","fuel_type-hybrid","transmission-automatic","drive_type-integrala","labels-tva-deductibil"],"acf":[],"yoast_head":"<!-- This site is optimized with the Yoast SEO plugin v26.5 - https:\/\/yoast.com\/wordpress\/plugins\/seo\/ -->\n<title>BMW M5 - automobile<\/title>\n<meta name=\"robots\" content=\"index, follow, max-snippet:-1, max-image-preview:large, max-video-preview:-1\" \/>\n<link rel=\"canonical\" href=\"https:\/\/c-iautomobile.ro\/en\/cars\/bmw-m5\/\" \/>\n<meta property=\"og:locale\" content=\"en_US\" \/>\n<meta property=\"og:type\" content=\"article\" \/>\n<meta property=\"og:title\" content=\"BMW M5 - automobile\" \/>\n<meta property=\"og:description\" content=\"CESIUNE LEASING &#8211; AVANS 50000 EURO 55 RATE X 1500 EURO Verde Isle of Man metalizat M Jante M din aliaj usor Double spoke de 20&#8243;\/21&#8243;, tip 951 M, anvelope mixte BMW IconicSounds Electric Piele Merino extinsa Portocaliu Kyalami\/Negru Ornamente interioare M cu accente de fibra de carbon in combinatie cu nuante argintii Cablu de [&hellip;]\" \/>\n<meta property=\"og:url\" content=\"https:\/\/c-iautomobile.ro\/en\/cars\/bmw-m5\/\" \/>\n<meta property=\"og:site_name\" content=\"automobile\" \/>\n<meta property=\"og:image\" content=\"https:\/\/c-iautomobile.ro\/wp-content\/uploads\/2025\/10\/1-2-scaled.jpg\" \/>\n\t<meta property=\"og:image:width\" content=\"2560\" \/>\n\t<meta property=\"og:image:height\" content=\"1429\" \/>\n\t<meta property=\"og:image:type\" content=\"image\/jpeg\" \/>\n<meta name=\"twitter:card\" content=\"summary_large_image\" \/>\n<meta name=\"twitter:label1\" content=\"Est. reading time\" \/>\n\t<meta name=\"twitter:data1\" content=\"2 minutes\" \/>\n<script type=\"application\/ld+json\" class=\"yoast-schema-graph\">{\"@context\":\"https:\/\/schema.org\",\"@graph\":[{\"@type\":\"WebPage\",\"@id\":\"https:\/\/c-iautomobile.ro\/en\/cars\/bmw-m5\/\",\"url\":\"https:\/\/c-iautomobile.ro\/en\/cars\/bmw-m5\/\",\"name\":\"BMW M5 - automobile\",\"isPartOf\":{\"@id\":\"https:\/\/c-iautomobile.ro\/en\/#website\"},\"primaryImageOfPage\":{\"@id\":\"https:\/\/c-iautomobile.ro\/en\/cars\/bmw-m5\/#primaryimage\"},\"image\":{\"@id\":\"https:\/\/c-iautomobile.ro\/en\/cars\/bmw-m5\/#primaryimage\"},\"thumbnailUrl\":\"https:\/\/c-iautomobile.ro\/wp-content\/uploads\/2025\/10\/1-2-scaled.jpg\",\"datePublished\":\"2025-10-07T09:32:51+00:00\",\"breadcrumb\":{\"@id\":\"https:\/\/c-iautomobile.ro\/en\/cars\/bmw-m5\/#breadcrumb\"},\"inLanguage\":\"en-US\",\"potentialAction\":[{\"@type\":\"ReadAction\",\"target\":[\"https:\/\/c-iautomobile.ro\/en\/cars\/bmw-m5\/\"]}]},{\"@type\":\"ImageObject\",\"inLanguage\":\"en-US\",\"@id\":\"https:\/\/c-iautomobile.ro\/en\/cars\/bmw-m5\/#primaryimage\",\"url\":\"https:\/\/c-iautomobile.ro\/wp-content\/uploads\/2025\/10\/1-2-scaled.jpg\",\"contentUrl\":\"https:\/\/c-iautomobile.ro\/wp-content\/uploads\/2025\/10\/1-2-scaled.jpg\",\"width\":2560,\"height\":1429},{\"@type\":\"BreadcrumbList\",\"@id\":\"https:\/\/c-iautomobile.ro\/en\/cars\/bmw-m5\/#breadcrumb\",\"itemListElement\":[{\"@type\":\"ListItem\",\"position\":1,\"name\":\"Home\",\"item\":\"https:\/\/c-iautomobile.ro\/en\/\"},{\"@type\":\"ListItem\",\"position\":2,\"name\":\"Cars\",\"item\":\"https:\/\/c-iautomobile.ro\/en\/cars\/\"},{\"@type\":\"ListItem\",\"position\":3,\"name\":\"BMW M5\"}]},{\"@type\":\"WebSite\",\"@id\":\"https:\/\/c-iautomobile.ro\/en\/#website\",\"url\":\"https:\/\/c-iautomobile.ro\/en\/\",\"name\":\"automobile\",\"description\":\"\",\"potentialAction\":[{\"@type\":\"SearchAction\",\"target\":{\"@type\":\"EntryPoint\",\"urlTemplate\":\"https:\/\/c-iautomobile.ro\/en\/?s={search_term_string}\"},\"query-input\":{\"@type\":\"PropertyValueSpecification\",\"valueRequired\":true,\"valueName\":\"search_term_string\"}}],\"inLanguage\":\"en-US\"}]}<\/script>\n<!-- \/ Yoast SEO plugin. -->","yoast_head_json":{"title":"BMW M5 - automobile","robots":{"index":"index","follow":"follow","max-snippet":"max-snippet:-1","max-image-preview":"max-image-preview:large","max-video-preview":"max-video-preview:-1"},"canonical":"https:\/\/c-iautomobile.ro\/en\/cars\/bmw-m5\/","og_locale":"en_US","og_type":"article","og_title":"BMW M5 - automobile","og_description":"CESIUNE LEASING &#8211; AVANS 50000 EURO 55 RATE X 1500 EURO Verde Isle of Man metalizat M Jante M din aliaj usor Double spoke de 20&#8243;\/21&#8243;, tip 951 M, anvelope mixte BMW IconicSounds Electric Piele Merino extinsa Portocaliu Kyalami\/Negru Ornamente interioare M cu accente de fibra de carbon in combinatie cu nuante argintii Cablu de [&hellip;]","og_url":"https:\/\/c-iautomobile.ro\/en\/cars\/bmw-m5\/","og_site_name":"automobile","og_image":[{"width":2560,"height":1429,"url":"https:\/\/c-iautomobile.ro\/wp-content\/uploads\/2025\/10\/1-2-scaled.jpg","type":"image\/jpeg"}],"twitter_card":"summary_large_image","twitter_misc":{"Est. reading time":"2 minutes"},"schema":{"@context":"https:\/\/schema.org","@graph":[{"@type":"WebPage","@id":"https:\/\/c-iautomobile.ro\/en\/cars\/bmw-m5\/","url":"https:\/\/c-iautomobile.ro\/en\/cars\/bmw-m5\/","name":"BMW M5 - automobile","isPartOf":{"@id":"https:\/\/c-iautomobile.ro\/en\/#website"},"primaryImageOfPage":{"@id":"https:\/\/c-iautomobile.ro\/en\/cars\/bmw-m5\/#primaryimage"},"image":{"@id":"https:\/\/c-iautomobile.ro\/en\/cars\/bmw-m5\/#primaryimage"},"thumbnailUrl":"https:\/\/c-iautomobile.ro\/wp-content\/uploads\/2025\/10\/1-2-scaled.jpg","datePublished":"2025-10-07T09:32:51+00:00","breadcrumb":{"@id":"https:\/\/c-iautomobile.ro\/en\/cars\/bmw-m5\/#breadcrumb"},"inLanguage":"en-US","potentialAction":[{"@type":"ReadAction","target":["https:\/\/c-iautomobile.ro\/en\/cars\/bmw-m5\/"]}]},{"@type":"ImageObject","inLanguage":"en-US","@id":"https:\/\/c-iautomobile.ro\/en\/cars\/bmw-m5\/#primaryimage","url":"https:\/\/c-iautomobile.ro\/wp-content\/uploads\/2025\/10\/1-2-scaled.jpg","contentUrl":"https:\/\/c-iautomobile.ro\/wp-content\/uploads\/2025\/10\/1-2-scaled.jpg","width":2560,"height":1429},{"@type":"BreadcrumbList","@id":"https:\/\/c-iautomobile.ro\/en\/cars\/bmw-m5\/#breadcrumb","itemListElement":[{"@type":"ListItem","position":1,"name":"Home","item":"https:\/\/c-iautomobile.ro\/en\/"},{"@type":"ListItem","position":2,"name":"Cars","item":"https:\/\/c-iautomobile.ro\/en\/cars\/"},{"@type":"ListItem","position":3,"name":"BMW M5"}]},{"@type":"WebSite","@id":"https:\/\/c-iautomobile.ro\/en\/#website","url":"https:\/\/c-iautomobile.ro\/en\/","name":"automobile","description":"","potentialAction":[{"@type":"SearchAction","target":{"@type":"EntryPoint","urlTemplate":"https:\/\/c-iautomobile.ro\/en\/?s={search_term_string}"},"query-input":{"@type":"PropertyValueSpecification","valueRequired":true,"valueName":"search_term_string"}}],"inLanguage":"en-US"}]}},"_links":{"self":[{"href":"https:\/\/c-iautomobile.ro\/en\/wp-json\/wp\/v2\/cars\/6817","targetHints":{"allow":["GET"]}}],"collection":[{"href":"https:\/\/c-iautomobile.ro\/en\/wp-json\/wp\/v2\/cars"}],"about":[{"href":"https:\/\/c-iautomobile.ro\/en\/wp-json\/wp\/v2\/types\/cars"}],"wp:featuredmedia":[{"embeddable":true,"href":"https:\/\/c-iautomobile.ro\/en\/wp-json\/wp\/v2\/media\/6818"}],"wp:attachment":[{"href":"https:\/\/c-iautomobile.ro\/en\/wp-json\/wp\/v2\/media?parent=6817"}],"wp:term":[{"taxonomy":"mark_model","embeddable":true,"href":"https:\/\/c-iautomobile.ro\/en\/wp-json\/wp\/v2\/mark_model?post=6817"},{"taxonomy":"yearauto","embeddable":true,"href":"https:\/\/c-iautomobile.ro\/en\/wp-json\/wp\/v2\/yearauto?post=6817"},{"taxonomy":"body_type","embeddable":true,"href":"https:\/\/c-iautomobile.ro\/en\/wp-json\/wp\/v2\/body_type?post=6817"},{"taxonomy":"fuel_type","embeddable":true,"href":"https:\/\/c-iautomobile.ro\/en\/wp-json\/wp\/v2\/fuel_type?post=6817"},{"taxonomy":"transmission","embeddable":true,"href":"https:\/\/c-iautomobile.ro\/en\/wp-json\/wp\/v2\/transmission?post=6817"},{"taxonomy":"drive_type","embeddable":true,"href":"https:\/\/c-iautomobile.ro\/en\/wp-json\/wp\/v2\/drive_type?post=6817"},{"taxonomy":"condition","embeddable":true,"href":"https:\/\/c-iautomobile.ro\/en\/wp-json\/wp\/v2\/condition?post=6817"},{"taxonomy":"engine_size","embeddable":true,"href":"https:\/\/c-iautomobile.ro\/en\/wp-json\/wp\/v2\/engine_size?post=6817"},{"taxonomy":"door","embeddable":true,"href":"https:\/\/c-iautomobile.ro\/en\/wp-json\/wp\/v2\/door?post=6817"},{"taxonomy":"cylinder","embeddable":true,"href":"https:\/\/c-iautomobile.ro\/en\/wp-json\/wp\/v2\/cylinder?post=6817"},{"taxonomy":"color","embeddable":true,"href":"https:\/\/c-iautomobile.ro\/en\/wp-json\/wp\/v2\/color?post=6817"},{"taxonomy":"features","embeddable":true,"href":"https:\/\/c-iautomobile.ro\/en\/wp-json\/wp\/v2\/features?post=6817"},{"taxonomy":"filters","embeddable":true,"href":"https:\/\/c-iautomobile.ro\/en\/wp-json\/wp\/v2\/filters?post=6817"},{"taxonomy":"labels","embeddable":true,"href":"https:\/\/c-iautomobile.ro\/en\/wp-json\/wp\/v2\/labels?post=6817"}],"curies":[{"name":"wp","href":"https:\/\/api.w.org\/{rel}","templated":true}]}}

<ul>
<li>CESIUNE LEASING &#8211; AVANS 50000 EURO</li>
<li>55 RATE X 1500 EURO</li>
<li>Verde Isle of Man metalizat M</li>
<li>Jante M din aliaj usor Double spoke de 20&#8243;/21&#8243;, tip 951 M, anvelope mixte</li>
<li>BMW IconicSounds Electric</li>
<li>Piele Merino extinsa Portocaliu Kyalami/Negru</li>
<li>Ornamente interioare M cu accente de fibra de carbon in combinatie cu nuante argintii</li>
<li>Cablu de încărcare (Mod 3) pentru încărcare publică</li>
<li>Sistem de alarma</li>
<li>Plafon panoramic din sticla</li>
<li>Incarcare rapida AC</li>
<li>Iluminare ambientala</li>
<li>Sistem de acces Confort</li>
<li>Volan incalzit</li>
<li>Capitonaj plafon Alcantara antracit cu continut extins</li>
<li>Centuri de siguranta M</li>
<li>Ornamente Shadow Line</li>
<li>Ornamente Shadow Line cu continut extins</li>
<li>Protectie acustica pentru pietoni</li>
<li>Monitorizare presiune anvelope</li>
<li>Ornamente lumini BMW individual Shadow line</li>
<li>Pachet exterior BMW Iconic Glow</li>
<li>Faruri adaptive LED</li>
<li>Aer conditionat automat cu 4 zone</li>
<li>Geamuri fumurii spate</li>
<li>Driving Assistant</li>
<li>Sistem de asistenta Plus</li>
<li>Scaune fata reglabile electric cu memorie pentru scaunul conducatorului auto</li>
<li>Scaune M multifunctionale fata</li>
<li>Connected Package Professional</li>
<li>Teleservices</li>
<li>Servicii BMW ConnectedDrive</li>
<li>Tava incarcare wireless</li>
<li>BMW Live Cockpit Professional</li>
<li>Sistem audio surround Bowers&amp;Wilkins</li>
<li>DAB tuner</li>
<li>M Drive Professional</li>
<li>Personal eSIM</li>
<li>Parking Assistant Professional</li>
<li>Service Inclusive &#8211; 5 ani/80,000km</li>
<li>Interior camera</li>
<li>CESIONARE LEASING AVANS 50000 EURO TVA INCLUS</li>
<li>55 RATE X1500 EURO TVA INCLUS</li>
</ul>
